{"id":3775,"date":"2016-10-28T14:27:14","date_gmt":"2016-10-28T14:27:14","guid":{"rendered":"http:\/\/hospitaldaher.com.br\/plastica\/?page_id=3775"},"modified":"2022-09-23T08:48:20","modified_gmt":"2022-09-23T11:48:20","slug":"as-reconstrucoes-mamaria-expansores-e-silicone","status":"publish","type":"page","link":"https:\/\/hospitaldaher.com.br\/plastica\/cirurgias-plasticas\/cirurgias-nas-mamas-as-reconstrucoes-mamarias\/as-reconstrucoes-mamaria-expansores-e-silicone\/","title":{"rendered":"Expansores e silicone"},"content":{"rendered":"<section class=\"l-section wpb_row height_small\"><div class=\"l-section-h i-cf\"><div class=\"g-cols vc_row via_grid cols_1 laptops-cols_inherit tablets-cols_inherit mobiles-cols_1 valign_top type_default stacking_default\"><div class=\"wpb_column vc_column_container\"><div class=\"vc_column-inner\"><div class=\"g-cols wpb_row via_grid cols_2 laptops-cols_inherit tablets-cols_inherit mobiles-cols_1 valign_middle type_default stacking_default\"><div class=\"wpb_column vc_column_container\"><div class=\"vc_column-inner\"><div class=\"w-image align_center\"><div class=\"w-image-h\"><img loading=\"lazy\" decoding=\"async\" width=\"360\" height=\"481\" src=\"https:\/\/hospitaldaher.com.br\/plastica\/wp-content\/uploads\/2016\/10\/91.jpg\" class=\"attachment-large size-large\" alt=\"\" srcset=\"https:\/\/hospitaldaher.com.br\/plastica\/wp-content\/uploads\/2016\/10\/91.jpg 360w, https:\/\/hospitaldaher.com.br\/plastica\/wp-content\/uploads\/2016\/10\/91-225x300.jpg 225w, https:\/\/hospitaldaher.com.br\/plastica\/wp-content\/uploads\/2016\/10\/91-112x150.jpg 112w, https:\/\/hospitaldaher.com.br\/plastica\/wp-content\/uploads\/2016\/10\/91-344x460.jpg 344w\" sizes=\"(max-width: 360px) 100vw, 360px\" \/><\/div><\/div><div class=\"w-separator size_small\"><\/div><div class=\"wpb_text_column us_custom_9720dd5b\"><div class=\"wpb_wrapper\"><p style=\"text-align: center;\">Paciente p\u00f3s mastectomia da mama direita.<\/p>\n<\/div><\/div><\/div><\/div><div class=\"wpb_column vc_column_container\"><div class=\"vc_column-inner\"><div class=\"wpb_text_column\"><div class=\"wpb_wrapper\"><h2 style=\"text-align: justify;\"><strong>Reconstru\u00e7\u00f5es mam\u00e1rias<br \/>\ncom expansores<\/strong><\/h2>\n<p style=\"text-align: justify;\">Antigamente, os cancerologistas faziam amputa\u00e7\u00e3o sempre muito amplas e radicais.<\/p>\n<p style=\"text-align: justify;\">Hoje, os mastologistas (cancerologistas especializados apenas em doen\u00e7as da mama), j\u00e1 podem fazer retiradas mais econ\u00f4micas, em certos casos, devido \u00e0 precis\u00e3o dos diagn\u00f3sticos e diagn\u00f3stico mais precoce da doen\u00e7a.<\/p>\n<p style=\"text-align: justify;\">E \u00e9 exatamente nesses casos quando, apesar de o mastologista retirar toda a mama, sobra na regi\u00e3o tratada uma boa cobertura de pele e gordura, que o cirurgi\u00e3o pl\u00e1stico pode optar pela reconstru\u00e7\u00e3o, imediata ou tardia, com um expansor.<\/p>\n<\/div><\/div><\/div><\/div><\/div><\/div><\/div><\/div><\/div><\/section><section class=\"l-section wpb_row height_large color_alternate\"><div class=\"l-section-h i-cf\"><div class=\"g-cols vc_row via_grid cols_1 laptops-cols_inherit tablets-cols_inherit mobiles-cols_1 valign_top type_default stacking_default\"><div class=\"wpb_column vc_column_container\"><div class=\"vc_column-inner\"><div class=\"wpb_text_column\"><div class=\"wpb_wrapper\"><h2 style=\"text-align: justify;\">O que \u00e9 um expansor ?<\/h2>\n<\/div><\/div><div class=\"w-separator size_small\"><\/div><div class=\"g-cols wpb_row via_grid cols_2 laptops-cols_inherit tablets-cols_inherit mobiles-cols_1 valign_top type_default stacking_default\"><div class=\"wpb_column vc_column_container\"><div class=\"vc_column-inner\"><div class=\"wpb_text_column\"><div class=\"wpb_wrapper\"><p style=\"text-align: justify;\">\u00c9 um pequeno \u201csaco de pl\u00e1stico\u201d (silicone), oco, ligado por um fino tubo a uma v\u00e1lvula (de tamanho de uma moeda grande). Esse conjunto serve para ser colocado na \u00e1rea na qual se pretende \u201cesticar\u201d (expandir) a pele.<\/p>\n<p style=\"text-align: justify;\">Uma vez colocado sob a pele e gordura da regi\u00e3o da reconstru\u00e7\u00e3o, e as cicatrizes estejam consolidadas, inicia-se a expans\u00e3o: injeta-se com agulha dentro da v\u00e1lvula (que tamb\u00e9m est\u00e1 sob a pele e \u00e9 palp\u00e1vel) soro fisiol\u00f3gico, que faz com que o expansor se expanda at\u00e9 que a pele fique tensa, bem esticada. A\u00ed finda a primeira sess\u00e3o.<\/p>\n<p style=\"text-align: justify;\">Essas sess\u00f5es se repetem em per\u00edodos semanais ou \u00e0s vezes a cada 03 ou 04 dias, per\u00edodo necess\u00e1rio para que a pele relaxe (j\u00e1 se expandiu um pouco). Ap\u00f3s cerca de dez sess\u00f5es aproximadamente, atinge-se o m\u00e1ximo de expans\u00e3o. A cada inje\u00e7\u00e3o o expansor vai esticando pouco a pouco a pele e, provado est\u00e1 que a pele \u201cesticada\u201d, se multiplica a n\u00edvel celular.<\/p>\n<p style=\"text-align: justify;\">Exemplo disso \u00e9 encontrado na natureza quando a m\u00e3e, depois das gravidezes, tem a pele do abd\u00f4men \u201cdistendida\u201d a ponto de ficar fl\u00e1cida e sobrando. Pois bem, provocamos uma \u201cgravidez\u201d sob a pele que se quer expandir, esticar, enfim, \u201cganhar\u201d tecidos.<\/p>\n<p style=\"text-align: justify;\">Ao retirarmos o expansor ap\u00f3s ter atingido a plenitude de seu enchimento (60 a 90 dias ap\u00f3s o in\u00edcio da expans\u00e3o), a pele da regi\u00e3o estar\u00e1 definitivamente esticada e fl\u00e1cida.<\/p>\n<\/div><\/div><\/div><\/div><div class=\"wpb_column vc_column_container\"><div class=\"vc_column-inner\"><div class=\"wpb_text_column\"><div class=\"wpb_wrapper\"><p style=\"text-align: justify;\">Nesse momento simplesmente substitu\u00edmos o expansor por um implante de silicone definitivo.<\/p>\n<p style=\"text-align: justify;\">Aquela pele que antes era justa e tensa e, n\u00e3o suportaria qualquer implante sob ela, pode agora suportar um implante de 300, 400, 600 ml ou mais, dependendo de cada caso. O segundo tempo cir\u00fargico para o tratamento \u00e9 a reconstru\u00e7\u00e3o do complexo ar\u00e9olo-mamilar (CAM), que obedece aos mesmos padr\u00f5es explicados anteriormente, nas outras t\u00e9cnicas de reconstru\u00e7\u00e3o.<\/p>\n<\/div><\/div><div class=\"w-separator size_medium\"><\/div><div class=\"w-image align_center\"><div class=\"w-image-h\"><img loading=\"lazy\" decoding=\"async\" width=\"830\" height=\"440\" src=\"https:\/\/hospitaldaher.com.br\/plastica\/wp-content\/uploads\/2016\/10\/92.jpg\" class=\"attachment-large size-large\" alt=\"\" srcset=\"https:\/\/hospitaldaher.com.br\/plastica\/wp-content\/uploads\/2016\/10\/92.jpg 830w, https:\/\/hospitaldaher.com.br\/plastica\/wp-content\/uploads\/2016\/10\/92-300x159.jpg 300w, https:\/\/hospitaldaher.com.br\/plastica\/wp-content\/uploads\/2016\/10\/92-768x407.jpg 768w, https:\/\/hospitaldaher.com.br\/plastica\/wp-content\/uploads\/2016\/10\/92-710x375.jpg 710w, https:\/\/hospitaldaher.com.br\/plastica\/wp-content\/uploads\/2016\/10\/92-705x374.jpg 705w, https:\/\/hospitaldaher.com.br\/plastica\/wp-content\/uploads\/2016\/10\/92-450x239.jpg 450w, https:\/\/hospitaldaher.com.br\/plastica\/wp-content\/uploads\/2016\/10\/92-150x80.jpg 150w, https:\/\/hospitaldaher.com.br\/plastica\/wp-content\/uploads\/2016\/10\/92-600x318.jpg 600w\" sizes=\"(max-width: 830px) 100vw, 830px\" \/><\/div><\/div><div class=\"w-separator size_small\"><\/div><div class=\"wpb_text_column us_custom_9720dd5b\"><div class=\"wpb_wrapper\"><p style=\"text-align: center;\">Reconstru\u00e7\u00e3o do complexo ar\u00e9olo-mamilar: Pode-se reconstruir a ar\u00e9ola usando-se como zona doadora a pele interna das coxas, e para o mamilo parte do mamilo contralateral.<\/p>\n<\/div><\/div><\/div><\/div><\/div><\/div><\/div><\/div><\/div><\/section>\n","protected":false},"excerpt":{"rendered":"Paciente p\u00f3s mastectomia da mama direita. Reconstru\u00e7\u00f5es mam\u00e1rias com expansores Antigamente, os cancerologistas faziam amputa\u00e7\u00e3o sempre muito amplas e radicais. Hoje, os mastologistas (cancerologistas especializados apenas em doen\u00e7as da mama), j\u00e1 podem fazer retiradas mais econ\u00f4micas, em certos casos, devido \u00e0 precis\u00e3o dos diagn\u00f3sticos e diagn\u00f3stico mais precoce da doen\u00e7a. E \u00e9 exatamente nesses casos...","protected":false},"author":2,"featured_media":0,"parent":3800,"menu_order":0,"comment_status":"closed","ping_status":"closed","template":"","meta":{"footnotes":""},"yoast_head":"<!-- This site is optimized with the Yoast SEO plugin v21.6 - https:\/\/yoast.com\/wordpress\/plugins\/seo\/ -->\n<title>Expansores e silicone - Dr. Jos\u00e9 Carlos Daher<\/title>\n<meta name=\"robots\" content=\"index, follow, max-snippet:-1, max-image-preview:large, max-video-preview:-1\" \/>\n<link rel=\"canonical\" href=\"https:\/\/hospitaldaher.com.br\/plastica\/cirurgias-plasticas\/cirurgias-nas-mamas-as-reconstrucoes-mamarias\/as-reconstrucoes-mamaria-expansores-e-silicone\/\" \/>\n<meta property=\"og:locale\" content=\"pt_BR\" \/>\n<meta property=\"og:type\" content=\"article\" \/>\n<meta property=\"og:title\" content=\"Expansores e silicone - Dr. Jos\u00e9 Carlos Daher\" \/>\n<meta property=\"og:url\" content=\"https:\/\/hospitaldaher.com.br\/plastica\/cirurgias-plasticas\/cirurgias-nas-mamas-as-reconstrucoes-mamarias\/as-reconstrucoes-mamaria-expansores-e-silicone\/\" \/>\n<meta property=\"og:site_name\" content=\"Dr. Jos\u00e9 Carlos Daher\" \/>\n<meta property=\"article:publisher\" content=\"https:\/\/www.facebook.com\/daherplastica\/\" \/>\n<meta property=\"article:modified_time\" content=\"2022-09-23T11:48:20+00:00\" \/>\n<meta name=\"twitter:card\" content=\"summary_large_image\" \/>\n<meta name=\"twitter:label1\" content=\"Est. tempo de leitura\" \/>\n\t<meta name=\"twitter:data1\" content=\"3 minutos\" \/>\n<script type=\"application\/ld+json\" class=\"yoast-schema-graph\">{\"@context\":\"https:\/\/schema.org\",\"@graph\":[{\"@type\":\"NewsArticle\",\"@id\":\"https:\/\/hospitaldaher.com.br\/plastica\/cirurgias-plasticas\/cirurgias-nas-mamas-as-reconstrucoes-mamarias\/as-reconstrucoes-mamaria-expansores-e-silicone\/#article\",\"isPartOf\":{\"@id\":\"https:\/\/hospitaldaher.com.br\/plastica\/cirurgias-plasticas\/cirurgias-nas-mamas-as-reconstrucoes-mamarias\/as-reconstrucoes-mamaria-expansores-e-silicone\/\"},\"author\":{\"name\":\"Rodrigo Souza\",\"@id\":\"https:\/\/hospitaldaher.com.br\/plastica\/#\/schema\/person\/c5815cf777240b18b88be2b1e11beec5\"},\"headline\":\"Expansores e silicone\",\"datePublished\":\"2016-10-28T14:27:14+00:00\",\"dateModified\":\"2022-09-23T11:48:20+00:00\",\"mainEntityOfPage\":{\"@id\":\"https:\/\/hospitaldaher.com.br\/plastica\/cirurgias-plasticas\/cirurgias-nas-mamas-as-reconstrucoes-mamarias\/as-reconstrucoes-mamaria-expansores-e-silicone\/\"},\"wordCount\":624,\"publisher\":{\"@id\":\"https:\/\/hospitaldaher.com.br\/plastica\/#organization\"},\"inLanguage\":\"pt-BR\"},{\"@type\":[\"WebPage\",\"MedicalWebPage\"],\"@id\":\"https:\/\/hospitaldaher.com.br\/plastica\/cirurgias-plasticas\/cirurgias-nas-mamas-as-reconstrucoes-mamarias\/as-reconstrucoes-mamaria-expansores-e-silicone\/\",\"url\":\"https:\/\/hospitaldaher.com.br\/plastica\/cirurgias-plasticas\/cirurgias-nas-mamas-as-reconstrucoes-mamarias\/as-reconstrucoes-mamaria-expansores-e-silicone\/\",\"name\":\"Expansores e silicone - Dr. Jos\u00e9 Carlos Daher\",\"isPartOf\":{\"@id\":\"https:\/\/hospitaldaher.com.br\/plastica\/#website\"},\"datePublished\":\"2016-10-28T14:27:14+00:00\",\"dateModified\":\"2022-09-23T11:48:20+00:00\",\"breadcrumb\":{\"@id\":\"https:\/\/hospitaldaher.com.br\/plastica\/cirurgias-plasticas\/cirurgias-nas-mamas-as-reconstrucoes-mamarias\/as-reconstrucoes-mamaria-expansores-e-silicone\/#breadcrumb\"},\"inLanguage\":\"pt-BR\",\"potentialAction\":[{\"@type\":\"ReadAction\",\"target\":[\"https:\/\/hospitaldaher.com.br\/plastica\/cirurgias-plasticas\/cirurgias-nas-mamas-as-reconstrucoes-mamarias\/as-reconstrucoes-mamaria-expansores-e-silicone\/\"]}]},{\"@type\":\"BreadcrumbList\",\"@id\":\"https:\/\/hospitaldaher.com.br\/plastica\/cirurgias-plasticas\/cirurgias-nas-mamas-as-reconstrucoes-mamarias\/as-reconstrucoes-mamaria-expansores-e-silicone\/#breadcrumb\",\"itemListElement\":[{\"@type\":\"ListItem\",\"position\":1,\"name\":\"In\u00edcio\",\"item\":\"https:\/\/hospitaldaher.com.br\/plastica\/\"},{\"@type\":\"ListItem\",\"position\":2,\"name\":\"Cirurgias Pl\u00e1sticas\",\"item\":\"https:\/\/hospitaldaher.com.br\/plastica\/cirurgias-plasticas\/\"},{\"@type\":\"ListItem\",\"position\":3,\"name\":\"Reconstru\u00e7\u00f5es mam\u00e1rias\",\"item\":\"https:\/\/hospitaldaher.com.br\/plastica\/cirurgias-plasticas\/cirurgias-nas-mamas-as-reconstrucoes-mamarias\/\"},{\"@type\":\"ListItem\",\"position\":4,\"name\":\"Expansores e silicone\"}]},{\"@type\":\"WebSite\",\"@id\":\"https:\/\/hospitaldaher.com.br\/plastica\/#website\",\"url\":\"https:\/\/hospitaldaher.com.br\/plastica\/\",\"name\":\"Dr. Jos\u00e9 Carlos Daher\",\"description\":\"Cirurgia Pl\u00e1stica\",\"publisher\":{\"@id\":\"https:\/\/hospitaldaher.com.br\/plastica\/#organization\"},\"potentialAction\":[{\"@type\":\"SearchAction\",\"target\":{\"@type\":\"EntryPoint\",\"urlTemplate\":\"https:\/\/hospitaldaher.com.br\/plastica\/?s={search_term_string}\"},\"query-input\":\"required name=search_term_string\"}],\"inLanguage\":\"pt-BR\"},{\"@type\":\"Organization\",\"@id\":\"https:\/\/hospitaldaher.com.br\/plastica\/#organization\",\"name\":\"Daher Pl\u00e1stica - Dr. Jos\u00e9 Carlos Daher e Dr. Leonardo Daher\",\"url\":\"https:\/\/hospitaldaher.com.br\/plastica\/\",\"logo\":{\"@type\":\"ImageObject\",\"inLanguage\":\"pt-BR\",\"@id\":\"https:\/\/hospitaldaher.com.br\/plastica\/#\/schema\/logo\/image\/\",\"url\":\"https:\/\/hospitaldaher.com.br\/plastica\/wp-content\/uploads\/2022\/09\/Logo_Jose_Carlos_Daher_em_Brasilia_Black.svg\",\"contentUrl\":\"https:\/\/hospitaldaher.com.br\/plastica\/wp-content\/uploads\/2022\/09\/Logo_Jose_Carlos_Daher_em_Brasilia_Black.svg\",\"width\":\"1030\",\"height\":\"1030\",\"caption\":\"Daher Pl\u00e1stica - Dr. Jos\u00e9 Carlos Daher e Dr. Leonardo Daher\"},\"image\":{\"@id\":\"https:\/\/hospitaldaher.com.br\/plastica\/#\/schema\/logo\/image\/\"},\"sameAs\":[\"https:\/\/www.facebook.com\/daherplastica\/\",\"https:\/\/www.instagram.com\/doutor_daher\/\"]},{\"@type\":\"Person\",\"@id\":\"https:\/\/hospitaldaher.com.br\/plastica\/#\/schema\/person\/c5815cf777240b18b88be2b1e11beec5\",\"name\":\"Rodrigo Souza\",\"image\":{\"@type\":\"ImageObject\",\"inLanguage\":\"pt-BR\",\"@id\":\"https:\/\/hospitaldaher.com.br\/plastica\/#\/schema\/person\/image\/\",\"url\":\"https:\/\/hospitaldaher.com.br\/plastica\/wp-content\/litespeed\/avatar\/8066cc10441b38f9f1b28973ebaf07e9.jpg?ver=1775653742\",\"contentUrl\":\"https:\/\/hospitaldaher.com.br\/plastica\/wp-content\/litespeed\/avatar\/8066cc10441b38f9f1b28973ebaf07e9.jpg?ver=1775653742\",\"caption\":\"Rodrigo Souza\"}}]}<\/script>\n<!-- \/ Yoast SEO plugin. -->","yoast_head_json":{"title":"Expansores e silicone - Dr. Jos\u00e9 Carlos Daher","robots":{"index":"index","follow":"follow","max-snippet":"max-snippet:-1","max-image-preview":"max-image-preview:large","max-video-preview":"max-video-preview:-1"},"canonical":"https:\/\/hospitaldaher.com.br\/plastica\/cirurgias-plasticas\/cirurgias-nas-mamas-as-reconstrucoes-mamarias\/as-reconstrucoes-mamaria-expansores-e-silicone\/","og_locale":"pt_BR","og_type":"article","og_title":"Expansores e silicone - Dr. Jos\u00e9 Carlos Daher","og_url":"https:\/\/hospitaldaher.com.br\/plastica\/cirurgias-plasticas\/cirurgias-nas-mamas-as-reconstrucoes-mamarias\/as-reconstrucoes-mamaria-expansores-e-silicone\/","og_site_name":"Dr. Jos\u00e9 Carlos Daher","article_publisher":"https:\/\/www.facebook.com\/daherplastica\/","article_modified_time":"2022-09-23T11:48:20+00:00","twitter_card":"summary_large_image","twitter_misc":{"Est. tempo de leitura":"3 minutos"},"schema":{"@context":"https:\/\/schema.org","@graph":[{"@type":"NewsArticle","@id":"https:\/\/hospitaldaher.com.br\/plastica\/cirurgias-plasticas\/cirurgias-nas-mamas-as-reconstrucoes-mamarias\/as-reconstrucoes-mamaria-expansores-e-silicone\/#article","isPartOf":{"@id":"https:\/\/hospitaldaher.com.br\/plastica\/cirurgias-plasticas\/cirurgias-nas-mamas-as-reconstrucoes-mamarias\/as-reconstrucoes-mamaria-expansores-e-silicone\/"},"author":{"name":"Rodrigo Souza","@id":"https:\/\/hospitaldaher.com.br\/plastica\/#\/schema\/person\/c5815cf777240b18b88be2b1e11beec5"},"headline":"Expansores e silicone","datePublished":"2016-10-28T14:27:14+00:00","dateModified":"2022-09-23T11:48:20+00:00","mainEntityOfPage":{"@id":"https:\/\/hospitaldaher.com.br\/plastica\/cirurgias-plasticas\/cirurgias-nas-mamas-as-reconstrucoes-mamarias\/as-reconstrucoes-mamaria-expansores-e-silicone\/"},"wordCount":624,"publisher":{"@id":"https:\/\/hospitaldaher.com.br\/plastica\/#organization"},"inLanguage":"pt-BR"},{"@type":["WebPage","MedicalWebPage"],"@id":"https:\/\/hospitaldaher.com.br\/plastica\/cirurgias-plasticas\/cirurgias-nas-mamas-as-reconstrucoes-mamarias\/as-reconstrucoes-mamaria-expansores-e-silicone\/","url":"https:\/\/hospitaldaher.com.br\/plastica\/cirurgias-plasticas\/cirurgias-nas-mamas-as-reconstrucoes-mamarias\/as-reconstrucoes-mamaria-expansores-e-silicone\/","name":"Expansores e silicone - Dr. Jos\u00e9 Carlos Daher","isPartOf":{"@id":"https:\/\/hospitaldaher.com.br\/plastica\/#website"},"datePublished":"2016-10-28T14:27:14+00:00","dateModified":"2022-09-23T11:48:20+00:00","breadcrumb":{"@id":"https:\/\/hospitaldaher.com.br\/plastica\/cirurgias-plasticas\/cirurgias-nas-mamas-as-reconstrucoes-mamarias\/as-reconstrucoes-mamaria-expansores-e-silicone\/#breadcrumb"},"inLanguage":"pt-BR","potentialAction":[{"@type":"ReadAction","target":["https:\/\/hospitaldaher.com.br\/plastica\/cirurgias-plasticas\/cirurgias-nas-mamas-as-reconstrucoes-mamarias\/as-reconstrucoes-mamaria-expansores-e-silicone\/"]}]},{"@type":"BreadcrumbList","@id":"https:\/\/hospitaldaher.com.br\/plastica\/cirurgias-plasticas\/cirurgias-nas-mamas-as-reconstrucoes-mamarias\/as-reconstrucoes-mamaria-expansores-e-silicone\/#breadcrumb","itemListElement":[{"@type":"ListItem","position":1,"name":"In\u00edcio","item":"https:\/\/hospitaldaher.com.br\/plastica\/"},{"@type":"ListItem","position":2,"name":"Cirurgias Pl\u00e1sticas","item":"https:\/\/hospitaldaher.com.br\/plastica\/cirurgias-plasticas\/"},{"@type":"ListItem","position":3,"name":"Reconstru\u00e7\u00f5es mam\u00e1rias","item":"https:\/\/hospitaldaher.com.br\/plastica\/cirurgias-plasticas\/cirurgias-nas-mamas-as-reconstrucoes-mamarias\/"},{"@type":"ListItem","position":4,"name":"Expansores e silicone"}]},{"@type":"WebSite","@id":"https:\/\/hospitaldaher.com.br\/plastica\/#website","url":"https:\/\/hospitaldaher.com.br\/plastica\/","name":"Dr. Jos\u00e9 Carlos Daher","description":"Cirurgia Pl\u00e1stica","publisher":{"@id":"https:\/\/hospitaldaher.com.br\/plastica\/#organization"},"potentialAction":[{"@type":"SearchAction","target":{"@type":"EntryPoint","urlTemplate":"https:\/\/hospitaldaher.com.br\/plastica\/?s={search_term_string}"},"query-input":"required name=search_term_string"}],"inLanguage":"pt-BR"},{"@type":"Organization","@id":"https:\/\/hospitaldaher.com.br\/plastica\/#organization","name":"Daher Pl\u00e1stica - Dr. Jos\u00e9 Carlos Daher e Dr. Leonardo Daher","url":"https:\/\/hospitaldaher.com.br\/plastica\/","logo":{"@type":"ImageObject","inLanguage":"pt-BR","@id":"https:\/\/hospitaldaher.com.br\/plastica\/#\/schema\/logo\/image\/","url":"https:\/\/hospitaldaher.com.br\/plastica\/wp-content\/uploads\/2022\/09\/Logo_Jose_Carlos_Daher_em_Brasilia_Black.svg","contentUrl":"https:\/\/hospitaldaher.com.br\/plastica\/wp-content\/uploads\/2022\/09\/Logo_Jose_Carlos_Daher_em_Brasilia_Black.svg","width":"1030","height":"1030","caption":"Daher Pl\u00e1stica - Dr. Jos\u00e9 Carlos Daher e Dr. Leonardo Daher"},"image":{"@id":"https:\/\/hospitaldaher.com.br\/plastica\/#\/schema\/logo\/image\/"},"sameAs":["https:\/\/www.facebook.com\/daherplastica\/","https:\/\/www.instagram.com\/doutor_daher\/"]},{"@type":"Person","@id":"https:\/\/hospitaldaher.com.br\/plastica\/#\/schema\/person\/c5815cf777240b18b88be2b1e11beec5","name":"Rodrigo Souza","image":{"@type":"ImageObject","inLanguage":"pt-BR","@id":"https:\/\/hospitaldaher.com.br\/plastica\/#\/schema\/person\/image\/","url":"https:\/\/hospitaldaher.com.br\/plastica\/wp-content\/litespeed\/avatar\/8066cc10441b38f9f1b28973ebaf07e9.jpg?ver=1775653742","contentUrl":"https:\/\/hospitaldaher.com.br\/plastica\/wp-content\/litespeed\/avatar\/8066cc10441b38f9f1b28973ebaf07e9.jpg?ver=1775653742","caption":"Rodrigo Souza"}}]}},"_links":{"self":[{"href":"https:\/\/hospitaldaher.com.br\/plastica\/wp-json\/wp\/v2\/pages\/3775"}],"collection":[{"href":"https:\/\/hospitaldaher.com.br\/plastica\/wp-json\/wp\/v2\/pages"}],"about":[{"href":"https:\/\/hospitaldaher.com.br\/plastica\/wp-json\/wp\/v2\/types\/page"}],"author":[{"embeddable":true,"href":"https:\/\/hospitaldaher.com.br\/plastica\/wp-json\/wp\/v2\/users\/2"}],"replies":[{"embeddable":true,"href":"https:\/\/hospitaldaher.com.br\/plastica\/wp-json\/wp\/v2\/comments?post=3775"}],"version-history":[{"count":6,"href":"https:\/\/hospitaldaher.com.br\/plastica\/wp-json\/wp\/v2\/pages\/3775\/revisions"}],"predecessor-version":[{"id":7304,"href":"https:\/\/hospitaldaher.com.br\/plastica\/wp-json\/wp\/v2\/pages\/3775\/revisions\/7304"}],"up":[{"embeddable":true,"href":"https:\/\/hospitaldaher.com.br\/plastica\/wp-json\/wp\/v2\/pages\/3800"}],"wp:attachment":[{"href":"https:\/\/hospitaldaher.com.br\/plastica\/wp-json\/wp\/v2\/media?parent=3775"}],"curies":[{"name":"wp","href":"https:\/\/api.w.org\/{rel}","templated":true}]}}