{"id":3807,"date":"2016-10-28T16:21:53","date_gmt":"2016-10-28T16:21:53","guid":{"rendered":"http:\/\/hospitaldaher.com.br\/plastica\/?page_id=3807"},"modified":"2022-09-27T15:38:42","modified_gmt":"2022-09-27T18:38:42","slug":"plasticas-de-mama-redutoras-e-de-correcao-de-posicao-mastopexias","status":"publish","type":"page","link":"https:\/\/hospitaldaher.com.br\/plastica\/cirurgias-plasticas\/plasticas-de-mama-redutoras-e-de-correcao-de-posicao-mastopexias\/","title":{"rendered":"Mamoplastias de redu\u00e7\u00e3o"},"content":{"rendered":"<section class=\"l-section wpb_row height_medium\"><div class=\"l-section-h i-cf\"><div class=\"g-cols vc_row via_grid cols_1 laptops-cols_inherit tablets-cols_inherit mobiles-cols_1 valign_top type_default stacking_default\"><div class=\"wpb_column vc_column_container\"><div class=\"vc_column-inner\"><div class=\"g-cols wpb_row via_grid cols_2 laptops-cols_inherit tablets-cols_inherit mobiles-cols_1 valign_top type_default stacking_default\"><div class=\"wpb_column vc_column_container\"><div class=\"vc_column-inner\"><div class=\"wpb_text_column\"><div class=\"wpb_wrapper\"><p style=\"text-align: justify;\">Essas cirurgias se aplicam a pacientes que tem mamas grandes, ca\u00eddas ou com ambas as situa\u00e7\u00f5es.<\/p>\n<p style=\"text-align: justify;\">Significa reduzir o tamanho da mama quando grande e ao mesmo tempo corrigir sua posi\u00e7\u00e3o anat\u00f4mica, colocando- a bonita, com tamanho adequado e sem queda, com os mamilos \u201colhando\u201d para cima e ligeiramente para fora, padr\u00e3o m\u00e1ximo da beleza das mamas femininas.<\/p>\n<p style=\"text-align: justify;\">Seja na situa\u00e7\u00e3o de redu\u00e7\u00e3o e\/ou corre\u00e7\u00e3o da posi\u00e7\u00e3o, as incis\u00f5es s\u00e3o semelhantes.<\/p>\n<p style=\"text-align: justify;\">O ponto de partida para as mamoplastias, em nossa experi\u00eancia \u00e9 a t\u00e9cnica de Pitanguy, conhecida popularmente como t\u00e9cnica do T invertido (ou j-L), que continua sendo o carro chefe de todas as t\u00e9cnicas que evolu\u00edram para outras variantes adaptadas para cada paciente.<\/p>\n<p style=\"text-align: justify;\">Nesta t\u00e9cnica, as incis\u00f5es s\u00e3o: em volta da aur\u00e9ola, outra que desce da aur\u00e9ola at\u00e9 o sulco submam\u00e1rio (a cicatriz vertical) e outra no sulco submam\u00e1rio (a cicatriz horizontal).<\/p>\n<\/div><\/div><\/div><\/div><div class=\"wpb_column vc_column_container\"><div class=\"vc_column-inner\"><div class=\"w-image align_none\"><div class=\"w-image-h\"><img loading=\"lazy\" decoding=\"async\" width=\"908\" height=\"577\" src=\"https:\/\/hospitaldaher.com.br\/plastica\/wp-content\/uploads\/2016\/10\/70-01.jpg\" class=\"attachment-large size-large\" alt=\"\" srcset=\"https:\/\/hospitaldaher.com.br\/plastica\/wp-content\/uploads\/2016\/10\/70-01.jpg 908w, https:\/\/hospitaldaher.com.br\/plastica\/wp-content\/uploads\/2016\/10\/70-01-300x191.jpg 300w, https:\/\/hospitaldaher.com.br\/plastica\/wp-content\/uploads\/2016\/10\/70-01-768x488.jpg 768w, https:\/\/hospitaldaher.com.br\/plastica\/wp-content\/uploads\/2016\/10\/70-01-705x448.jpg 705w, https:\/\/hospitaldaher.com.br\/plastica\/wp-content\/uploads\/2016\/10\/70-01-450x286.jpg 450w, https:\/\/hospitaldaher.com.br\/plastica\/wp-content\/uploads\/2016\/10\/70-01-150x95.jpg 150w, https:\/\/hospitaldaher.com.br\/plastica\/wp-content\/uploads\/2016\/10\/70-01-600x381.jpg 600w\" sizes=\"(max-width: 908px) 100vw, 908px\" \/><\/div><\/div><div class=\"w-separator size_small\"><\/div><div class=\"wpb_text_column us_custom_9720dd5b\"><div class=\"wpb_wrapper\"><p style=\"text-align: center;\">Mamoplastia: Na t\u00e9cnica J-L as incis\u00f5es s\u00e3o menores, mas existem maiores limita\u00e7\u00f5es quanto \u00e0 modelagem.<\/p>\n<\/div><\/div><\/div><\/div><\/div><div class=\"w-separator size_large\"><\/div><div class=\"g-cols wpb_row via_grid cols_2 laptops-cols_inherit tablets-cols_inherit mobiles-cols_1 valign_top type_default stacking_default\"><div class=\"wpb_column vc_column_container\"><div class=\"vc_column-inner\"><div class=\"w-image align_center\"><div class=\"w-image-h\"><img loading=\"lazy\" decoding=\"async\" width=\"324\" height=\"460\" src=\"https:\/\/hospitaldaher.com.br\/plastica\/wp-content\/uploads\/2016\/10\/71.jpg\" class=\"attachment-us_600_460 size-us_600_460\" alt=\"\" srcset=\"https:\/\/hospitaldaher.com.br\/plastica\/wp-content\/uploads\/2016\/10\/71.jpg 393w, https:\/\/hospitaldaher.com.br\/plastica\/wp-content\/uploads\/2016\/10\/71-211x300.jpg 211w, https:\/\/hospitaldaher.com.br\/plastica\/wp-content\/uploads\/2016\/10\/71-106x150.jpg 106w, https:\/\/hospitaldaher.com.br\/plastica\/wp-content\/uploads\/2016\/10\/71-324x460.jpg 324w\" sizes=\"(max-width: 324px) 100vw, 324px\" \/><\/div><\/div><div class=\"w-separator size_small\"><\/div><div class=\"wpb_text_column us_custom_9720dd5b\"><div class=\"wpb_wrapper\"><p style=\"text-align: center;\">Mamoplastia e incis\u00f5es em J-L ou incis\u00e3o vertical (T\u00e9cnica de Ari\u00ea Pitanguy).<\/p>\n<\/div><\/div><\/div><\/div><div class=\"wpb_column vc_column_container\"><div class=\"vc_column-inner\"><div class=\"w-image align_center\"><div class=\"w-image-h\"><img loading=\"lazy\" decoding=\"async\" width=\"324\" height=\"460\" src=\"https:\/\/hospitaldaher.com.br\/plastica\/wp-content\/uploads\/2022\/09\/71-324x460.jpg\" class=\"attachment-us_600_460 size-us_600_460\" alt=\"\" srcset=\"https:\/\/hospitaldaher.com.br\/plastica\/wp-content\/uploads\/2022\/09\/71-324x460.jpg 324w, https:\/\/hospitaldaher.com.br\/plastica\/wp-content\/uploads\/2022\/09\/71-211x300.jpg 211w, https:\/\/hospitaldaher.com.br\/plastica\/wp-content\/uploads\/2022\/09\/71-106x150.jpg 106w, https:\/\/hospitaldaher.com.br\/plastica\/wp-content\/uploads\/2022\/09\/71-254x360.jpg 254w, https:\/\/hospitaldaher.com.br\/plastica\/wp-content\/uploads\/2022\/09\/71.jpg 393w\" sizes=\"(max-width: 324px) 100vw, 324px\" \/><\/div><\/div><div class=\"w-separator size_small\"><\/div><div class=\"wpb_text_column us_custom_9720dd5b\"><div class=\"wpb_wrapper\"><p style=\"text-align: center;\">Mamoplastia pela t\u00e9cnica de Pitanguy: A incis\u00e3o em T invertido permite grande flexibilidade quanto \u00e0 modelagem da mama.<\/p>\n<\/div><\/div><\/div><\/div><\/div><\/div><\/div><\/div><\/div><\/section><section class=\"l-section wpb_row height_medium color_alternate\"><div class=\"l-section-h i-cf\"><div class=\"g-cols vc_row via_grid cols_1 laptops-cols_inherit tablets-cols_inherit mobiles-cols_1 valign_top type_default stacking_default\"><div class=\"wpb_column vc_column_container\"><div class=\"vc_column-inner\"><div class=\"g-cols wpb_row via_grid cols_2 laptops-cols_inherit tablets-cols_inherit mobiles-cols_1 valign_middle type_default stacking_default\"><div class=\"wpb_column vc_column_container\"><div class=\"vc_column-inner\"><div class=\"w-image align_center\"><div class=\"w-image-h\"><img loading=\"lazy\" decoding=\"async\" width=\"300\" height=\"200\" src=\"https:\/\/hospitaldaher.com.br\/plastica\/wp-content\/uploads\/2016\/10\/40-300x200.jpg\" class=\"attachment-medium size-medium\" alt=\"\" srcset=\"https:\/\/hospitaldaher.com.br\/plastica\/wp-content\/uploads\/2016\/10\/40-300x200.jpg 300w, https:\/\/hospitaldaher.com.br\/plastica\/wp-content\/uploads\/2016\/10\/40-768x512.jpg 768w, https:\/\/hospitaldaher.com.br\/plastica\/wp-content\/uploads\/2016\/10\/40-705x470.jpg 705w, https:\/\/hospitaldaher.com.br\/plastica\/wp-content\/uploads\/2016\/10\/40-450x300.jpg 450w, https:\/\/hospitaldaher.com.br\/plastica\/wp-content\/uploads\/2016\/10\/40.jpg 900w, https:\/\/hospitaldaher.com.br\/plastica\/wp-content\/uploads\/2016\/10\/40-150x100.jpg 150w, https:\/\/hospitaldaher.com.br\/plastica\/wp-content\/uploads\/2016\/10\/40-600x400.jpg 600w\" sizes=\"(max-width: 300px) 100vw, 300px\" \/><\/div><\/div><div class=\"w-separator size_small\"><\/div><div class=\"wpb_text_column us_custom_9720dd5b\"><div class=\"wpb_wrapper\"><p style=\"text-align: center;\">A manobra de Schwartzman executadas segundo Pitanguy, para maior preserva\u00e7\u00e3o da vasculariza\u00e7\u00e3o nas mamoplastias.<\/p>\n<\/div><\/div><\/div><\/div><div class=\"wpb_column vc_column_container\"><div class=\"vc_column-inner\"><div class=\"wpb_text_column\"><div class=\"wpb_wrapper\"><p style=\"text-align: justify;\">Hoje pode-se conseguir excelentes resultados, tendo como cicatriz final, um pequeno T (ou j-L), menor que antigamente, ou apenas uma cicatriz periareolar e a vertical, ou ainda apenas a cicatriz periareolar. Repito: depende de cada caso. Cada caso exige um tipo de cicatriz final que ser\u00e1 sempre a menor poss\u00edvel, desde de que sem preju\u00edzo da forma, e isto ser\u00e1 discutido com o paciente em profundidade durante seu exame.<\/p>\n<\/div><\/div><\/div><\/div><\/div><div class=\"w-separator size_large\"><\/div><\/div><\/div><\/div><\/div><\/section><section class=\"l-section wpb_row height_medium\"><div class=\"l-section-h i-cf\"><div class=\"g-cols vc_row via_grid cols_1 laptops-cols_inherit tablets-cols_inherit mobiles-cols_1 valign_top type_default stacking_default\"><div class=\"wpb_column vc_column_container\"><div class=\"vc_column-inner\"><div class=\"wpb_text_column\"><div class=\"wpb_wrapper\"><h2>Por que \u00e9 t\u00e3o importante aprofundar-se na discuss\u00e3o sobre as cicatrizes nas mamoplastias?<\/h2>\n<\/div><\/div><div class=\"w-separator size_small\"><\/div><div class=\"g-cols wpb_row via_grid cols_2 laptops-cols_inherit tablets-cols_inherit mobiles-cols_1 valign_middle type_default stacking_default\"><div class=\"wpb_column vc_column_container\"><div class=\"vc_column-inner\"><div class=\"wpb_text_column\"><div class=\"wpb_wrapper\"><p style=\"text-align: justify;\">Porque as cicatrizes por menores que sejam e por melhores que fiquem com o tempo (as cicatrizes da mama levam em m\u00e9dia 18 meses para evoluir at\u00e9 seu ponto menos vis\u00edvel) estar\u00e3o sempre presentes, e constituem o \u201cpre\u00e7o\u201d que o paciente paga para ter mamas proporcionais e mais bonitas.<\/p>\n<p style=\"text-align: justify;\">Troca\u2013se mamas grandes e\/ou ca\u00eddas por mamas mais bonitas e em boa posi\u00e7\u00e3o. Consegue-se melhora da auto estima e conforto, dispensa-se em muitos casos o uso do suti\u00e3, permite que o paciente corra e pratique esportes com mais facilidade, por\u00e9m existem as incis\u00f5es cir\u00fargicas.<\/p>\n<\/div><\/div><div class=\"wpb_text_column\"><div class=\"wpb_wrapper\"><p>\u00c9 uma rela\u00e7\u00e3o de custo\/benef\u00edcio que deve ser avaliada por cada paciente, que o far\u00e1 de maneira consciente depois de bem instruir-se com o seu cirurgi\u00e3o.<\/p>\n<p style=\"text-align: justify;\">Em nossa pr\u00e1tica profissional observamos que mesmo quando a cicatriz \u00e9 de qualidade pior, as pacientes preferem a mama operada com as cicatrizes que a situa\u00e7\u00e3o anterior \u00e0 cirurgia. Entendo que para que isso ocorra a paciente deve estar muito bem informada de todos os aspectos da cirurgia e decida conscientemente.<\/p>\n<\/div><\/div><\/div><\/div><div class=\"wpb_column vc_column_container\"><div class=\"vc_column-inner\"><div class=\"w-image align_center\"><div class=\"w-image-h\"><img loading=\"lazy\" decoding=\"async\" width=\"242\" height=\"187\" src=\"https:\/\/hospitaldaher.com.br\/plastica\/wp-content\/uploads\/2016\/10\/79.jpg\" class=\"attachment-large size-large\" alt=\"\" srcset=\"https:\/\/hospitaldaher.com.br\/plastica\/wp-content\/uploads\/2016\/10\/79.jpg 242w, https:\/\/hospitaldaher.com.br\/plastica\/wp-content\/uploads\/2016\/10\/79-150x116.jpg 150w\" sizes=\"(max-width: 242px) 100vw, 242px\" \/><\/div><\/div><div class=\"w-separator size_medium\"><\/div><div class=\"wpb_text_column us_custom_9720dd5b\"><div class=\"wpb_wrapper\"><p style=\"text-align: center;\">Mamoplastia usando-se o pr\u00f3prio tecido excedente da parte ca\u00edda da mama, para preencher a nova mama. Evita-se o uso de silicone, mas o preenchimento \u00e9 menor e a forma menos duradoura.<\/p>\n<\/div><\/div><\/div><\/div><\/div><div class=\"w-separator size_medium\"><\/div><\/div><\/div><\/div><\/div><\/section><section class=\"l-section wpb_row height_large color_alternate\"><div class=\"l-section-h i-cf\"><div class=\"g-cols vc_row via_grid cols_1 laptops-cols_inherit tablets-cols_inherit mobiles-cols_1 valign_top type_default stacking_default\"><div class=\"wpb_column vc_column_container\"><div class=\"vc_column-inner\"><div class=\"g-cols wpb_row via_grid cols_1-4-1 laptops-cols_inherit tablets-cols_inherit mobiles-cols_1 valign_middle type_default stacking_default\"><div class=\"wpb_column vc_column_container\"><div class=\"vc_column-inner\"><\/div><\/div><div class=\"wpb_column vc_column_container\"><div class=\"vc_column-inner\">[vc_raw_html]JTNDaWZyYW1lJTIwc3JjJTNEJTIyaHR0cHMlM0ElMkYlMkZwbGF5ZXIudW5kZXJzdGFuZC5jb20lMkZkcmpjZGFoZXIlMkZwdC1CUiUyRjE3ZDY5NzkwLTM2NjEtNDgzZC04ZmI1LTJmN2Q5YjdmYmFhMCUyRjY3OTdlYzllLTk1NzktNGRjYi04MmZkLTBlYzQ4MDU3YjQ0OSUzRnBhdXNlRmlyc3RTdGVwJTNEMSUyMiUyMHdpZHRoJTNEJTIyMTAwJTI1JTIyJTIwaGVpZ2h0JTNEJTIyNTU3JTIyJTIwZnJhbWVib3JkZXIlM0QlMjIwJTIyJTIwc2Nyb2xsaW5nJTNEJTIybm8lMjIlMjBhbGxvd2Z1bGxzY3JlZW4lM0QlMjJhbGxvd2Z1bGxzY3JlZW4lMjIlM0UlM0MlMkZpZnJhbWUlM0U=[\/vc_raw_html]<\/div><\/div><div class=\"wpb_column vc_column_container\"><div class=\"vc_column-inner\"><\/div><\/div><\/div><\/div><\/div><\/div><\/div><\/section>\n","protected":false},"excerpt":{"rendered":"Essas cirurgias se aplicam a pacientes que tem mamas grandes, ca\u00eddas ou com ambas as situa\u00e7\u00f5es. Significa reduzir o tamanho da mama quando grande e ao mesmo tempo corrigir sua posi\u00e7\u00e3o anat\u00f4mica, colocando- a bonita, com tamanho adequado e sem queda, com os mamilos \u201colhando\u201d para cima e ligeiramente para fora, padr\u00e3o m\u00e1ximo da beleza...","protected":false},"author":2,"featured_media":0,"parent":7169,"menu_order":0,"comment_status":"closed","ping_status":"closed","template":"","meta":{"footnotes":""},"yoast_head":"<!-- This site is optimized with the Yoast SEO plugin v21.6 - https:\/\/yoast.com\/wordpress\/plugins\/seo\/ -->\n<title>Mamoplastias de redu\u00e7\u00e3o - Dr. Jos\u00e9 Carlos Daher<\/title>\n<meta name=\"robots\" content=\"index, follow, max-snippet:-1, max-image-preview:large, max-video-preview:-1\" \/>\n<link rel=\"canonical\" href=\"https:\/\/hospitaldaher.com.br\/plastica\/cirurgias-plasticas\/plasticas-de-mama-redutoras-e-de-correcao-de-posicao-mastopexias\/\" \/>\n<meta property=\"og:locale\" content=\"pt_BR\" \/>\n<meta property=\"og:type\" content=\"article\" \/>\n<meta property=\"og:title\" content=\"Mamoplastias de redu\u00e7\u00e3o - Dr. Jos\u00e9 Carlos Daher\" \/>\n<meta property=\"og:url\" content=\"https:\/\/hospitaldaher.com.br\/plastica\/cirurgias-plasticas\/plasticas-de-mama-redutoras-e-de-correcao-de-posicao-mastopexias\/\" \/>\n<meta property=\"og:site_name\" content=\"Dr. Jos\u00e9 Carlos Daher\" \/>\n<meta property=\"article:publisher\" content=\"https:\/\/www.facebook.com\/daherplastica\/\" \/>\n<meta property=\"article:modified_time\" content=\"2022-09-27T18:38:42+00:00\" \/>\n<meta name=\"twitter:card\" content=\"summary_large_image\" \/>\n<meta name=\"twitter:label1\" content=\"Est. tempo de leitura\" \/>\n\t<meta name=\"twitter:data1\" content=\"5 minutos\" \/>\n<script type=\"application\/ld+json\" class=\"yoast-schema-graph\">{\"@context\":\"https:\/\/schema.org\",\"@graph\":[{\"@type\":\"NewsArticle\",\"@id\":\"https:\/\/hospitaldaher.com.br\/plastica\/cirurgias-plasticas\/plasticas-de-mama-redutoras-e-de-correcao-de-posicao-mastopexias\/#article\",\"isPartOf\":{\"@id\":\"https:\/\/hospitaldaher.com.br\/plastica\/cirurgias-plasticas\/plasticas-de-mama-redutoras-e-de-correcao-de-posicao-mastopexias\/\"},\"author\":{\"name\":\"Rodrigo Souza\",\"@id\":\"https:\/\/hospitaldaher.com.br\/plastica\/#\/schema\/person\/c5815cf777240b18b88be2b1e11beec5\"},\"headline\":\"Mamoplastias de redu\u00e7\u00e3o\",\"datePublished\":\"2016-10-28T16:21:53+00:00\",\"dateModified\":\"2022-09-27T18:38:42+00:00\",\"mainEntityOfPage\":{\"@id\":\"https:\/\/hospitaldaher.com.br\/plastica\/cirurgias-plasticas\/plasticas-de-mama-redutoras-e-de-correcao-de-posicao-mastopexias\/\"},\"wordCount\":967,\"publisher\":{\"@id\":\"https:\/\/hospitaldaher.com.br\/plastica\/#organization\"},\"inLanguage\":\"pt-BR\"},{\"@type\":[\"WebPage\",\"MedicalWebPage\"],\"@id\":\"https:\/\/hospitaldaher.com.br\/plastica\/cirurgias-plasticas\/plasticas-de-mama-redutoras-e-de-correcao-de-posicao-mastopexias\/\",\"url\":\"https:\/\/hospitaldaher.com.br\/plastica\/cirurgias-plasticas\/plasticas-de-mama-redutoras-e-de-correcao-de-posicao-mastopexias\/\",\"name\":\"Mamoplastias de redu\u00e7\u00e3o - Dr. Jos\u00e9 Carlos Daher\",\"isPartOf\":{\"@id\":\"https:\/\/hospitaldaher.com.br\/plastica\/#website\"},\"datePublished\":\"2016-10-28T16:21:53+00:00\",\"dateModified\":\"2022-09-27T18:38:42+00:00\",\"breadcrumb\":{\"@id\":\"https:\/\/hospitaldaher.com.br\/plastica\/cirurgias-plasticas\/plasticas-de-mama-redutoras-e-de-correcao-de-posicao-mastopexias\/#breadcrumb\"},\"inLanguage\":\"pt-BR\",\"potentialAction\":[{\"@type\":\"ReadAction\",\"target\":[\"https:\/\/hospitaldaher.com.br\/plastica\/cirurgias-plasticas\/plasticas-de-mama-redutoras-e-de-correcao-de-posicao-mastopexias\/\"]}]},{\"@type\":\"BreadcrumbList\",\"@id\":\"https:\/\/hospitaldaher.com.br\/plastica\/cirurgias-plasticas\/plasticas-de-mama-redutoras-e-de-correcao-de-posicao-mastopexias\/#breadcrumb\",\"itemListElement\":[{\"@type\":\"ListItem\",\"position\":1,\"name\":\"In\u00edcio\",\"item\":\"https:\/\/hospitaldaher.com.br\/plastica\/\"},{\"@type\":\"ListItem\",\"position\":2,\"name\":\"Cirurgias Pl\u00e1sticas\",\"item\":\"https:\/\/hospitaldaher.com.br\/plastica\/cirurgias-plasticas\/\"},{\"@type\":\"ListItem\",\"position\":3,\"name\":\"Mamoplastias de redu\u00e7\u00e3o\"}]},{\"@type\":\"WebSite\",\"@id\":\"https:\/\/hospitaldaher.com.br\/plastica\/#website\",\"url\":\"https:\/\/hospitaldaher.com.br\/plastica\/\",\"name\":\"Dr. Jos\u00e9 Carlos Daher\",\"description\":\"Cirurgia Pl\u00e1stica\",\"publisher\":{\"@id\":\"https:\/\/hospitaldaher.com.br\/plastica\/#organization\"},\"potentialAction\":[{\"@type\":\"SearchAction\",\"target\":{\"@type\":\"EntryPoint\",\"urlTemplate\":\"https:\/\/hospitaldaher.com.br\/plastica\/?s={search_term_string}\"},\"query-input\":\"required name=search_term_string\"}],\"inLanguage\":\"pt-BR\"},{\"@type\":\"Organization\",\"@id\":\"https:\/\/hospitaldaher.com.br\/plastica\/#organization\",\"name\":\"Daher Pl\u00e1stica - Dr. Jos\u00e9 Carlos Daher e Dr. Leonardo Daher\",\"url\":\"https:\/\/hospitaldaher.com.br\/plastica\/\",\"logo\":{\"@type\":\"ImageObject\",\"inLanguage\":\"pt-BR\",\"@id\":\"https:\/\/hospitaldaher.com.br\/plastica\/#\/schema\/logo\/image\/\",\"url\":\"https:\/\/hospitaldaher.com.br\/plastica\/wp-content\/uploads\/2022\/09\/Logo_Jose_Carlos_Daher_em_Brasilia_Black.svg\",\"contentUrl\":\"https:\/\/hospitaldaher.com.br\/plastica\/wp-content\/uploads\/2022\/09\/Logo_Jose_Carlos_Daher_em_Brasilia_Black.svg\",\"width\":\"1030\",\"height\":\"1030\",\"caption\":\"Daher Pl\u00e1stica - Dr. Jos\u00e9 Carlos Daher e Dr. Leonardo Daher\"},\"image\":{\"@id\":\"https:\/\/hospitaldaher.com.br\/plastica\/#\/schema\/logo\/image\/\"},\"sameAs\":[\"https:\/\/www.facebook.com\/daherplastica\/\",\"https:\/\/www.instagram.com\/doutor_daher\/\"]},{\"@type\":\"Person\",\"@id\":\"https:\/\/hospitaldaher.com.br\/plastica\/#\/schema\/person\/c5815cf777240b18b88be2b1e11beec5\",\"name\":\"Rodrigo Souza\",\"image\":{\"@type\":\"ImageObject\",\"inLanguage\":\"pt-BR\",\"@id\":\"https:\/\/hospitaldaher.com.br\/plastica\/#\/schema\/person\/image\/\",\"url\":\"https:\/\/hospitaldaher.com.br\/plastica\/wp-content\/litespeed\/avatar\/8066cc10441b38f9f1b28973ebaf07e9.jpg?ver=1775653742\",\"contentUrl\":\"https:\/\/hospitaldaher.com.br\/plastica\/wp-content\/litespeed\/avatar\/8066cc10441b38f9f1b28973ebaf07e9.jpg?ver=1775653742\",\"caption\":\"Rodrigo Souza\"}}]}<\/script>\n<!-- \/ Yoast SEO plugin. -->","yoast_head_json":{"title":"Mamoplastias de redu\u00e7\u00e3o - Dr. Jos\u00e9 Carlos Daher","robots":{"index":"index","follow":"follow","max-snippet":"max-snippet:-1","max-image-preview":"max-image-preview:large","max-video-preview":"max-video-preview:-1"},"canonical":"https:\/\/hospitaldaher.com.br\/plastica\/cirurgias-plasticas\/plasticas-de-mama-redutoras-e-de-correcao-de-posicao-mastopexias\/","og_locale":"pt_BR","og_type":"article","og_title":"Mamoplastias de redu\u00e7\u00e3o - Dr. Jos\u00e9 Carlos Daher","og_url":"https:\/\/hospitaldaher.com.br\/plastica\/cirurgias-plasticas\/plasticas-de-mama-redutoras-e-de-correcao-de-posicao-mastopexias\/","og_site_name":"Dr. Jos\u00e9 Carlos Daher","article_publisher":"https:\/\/www.facebook.com\/daherplastica\/","article_modified_time":"2022-09-27T18:38:42+00:00","twitter_card":"summary_large_image","twitter_misc":{"Est. tempo de leitura":"5 minutos"},"schema":{"@context":"https:\/\/schema.org","@graph":[{"@type":"NewsArticle","@id":"https:\/\/hospitaldaher.com.br\/plastica\/cirurgias-plasticas\/plasticas-de-mama-redutoras-e-de-correcao-de-posicao-mastopexias\/#article","isPartOf":{"@id":"https:\/\/hospitaldaher.com.br\/plastica\/cirurgias-plasticas\/plasticas-de-mama-redutoras-e-de-correcao-de-posicao-mastopexias\/"},"author":{"name":"Rodrigo Souza","@id":"https:\/\/hospitaldaher.com.br\/plastica\/#\/schema\/person\/c5815cf777240b18b88be2b1e11beec5"},"headline":"Mamoplastias de redu\u00e7\u00e3o","datePublished":"2016-10-28T16:21:53+00:00","dateModified":"2022-09-27T18:38:42+00:00","mainEntityOfPage":{"@id":"https:\/\/hospitaldaher.com.br\/plastica\/cirurgias-plasticas\/plasticas-de-mama-redutoras-e-de-correcao-de-posicao-mastopexias\/"},"wordCount":967,"publisher":{"@id":"https:\/\/hospitaldaher.com.br\/plastica\/#organization"},"inLanguage":"pt-BR"},{"@type":["WebPage","MedicalWebPage"],"@id":"https:\/\/hospitaldaher.com.br\/plastica\/cirurgias-plasticas\/plasticas-de-mama-redutoras-e-de-correcao-de-posicao-mastopexias\/","url":"https:\/\/hospitaldaher.com.br\/plastica\/cirurgias-plasticas\/plasticas-de-mama-redutoras-e-de-correcao-de-posicao-mastopexias\/","name":"Mamoplastias de redu\u00e7\u00e3o - Dr. Jos\u00e9 Carlos Daher","isPartOf":{"@id":"https:\/\/hospitaldaher.com.br\/plastica\/#website"},"datePublished":"2016-10-28T16:21:53+00:00","dateModified":"2022-09-27T18:38:42+00:00","breadcrumb":{"@id":"https:\/\/hospitaldaher.com.br\/plastica\/cirurgias-plasticas\/plasticas-de-mama-redutoras-e-de-correcao-de-posicao-mastopexias\/#breadcrumb"},"inLanguage":"pt-BR","potentialAction":[{"@type":"ReadAction","target":["https:\/\/hospitaldaher.com.br\/plastica\/cirurgias-plasticas\/plasticas-de-mama-redutoras-e-de-correcao-de-posicao-mastopexias\/"]}]},{"@type":"BreadcrumbList","@id":"https:\/\/hospitaldaher.com.br\/plastica\/cirurgias-plasticas\/plasticas-de-mama-redutoras-e-de-correcao-de-posicao-mastopexias\/#breadcrumb","itemListElement":[{"@type":"ListItem","position":1,"name":"In\u00edcio","item":"https:\/\/hospitaldaher.com.br\/plastica\/"},{"@type":"ListItem","position":2,"name":"Cirurgias Pl\u00e1sticas","item":"https:\/\/hospitaldaher.com.br\/plastica\/cirurgias-plasticas\/"},{"@type":"ListItem","position":3,"name":"Mamoplastias de redu\u00e7\u00e3o"}]},{"@type":"WebSite","@id":"https:\/\/hospitaldaher.com.br\/plastica\/#website","url":"https:\/\/hospitaldaher.com.br\/plastica\/","name":"Dr. Jos\u00e9 Carlos Daher","description":"Cirurgia Pl\u00e1stica","publisher":{"@id":"https:\/\/hospitaldaher.com.br\/plastica\/#organization"},"potentialAction":[{"@type":"SearchAction","target":{"@type":"EntryPoint","urlTemplate":"https:\/\/hospitaldaher.com.br\/plastica\/?s={search_term_string}"},"query-input":"required name=search_term_string"}],"inLanguage":"pt-BR"},{"@type":"Organization","@id":"https:\/\/hospitaldaher.com.br\/plastica\/#organization","name":"Daher Pl\u00e1stica - Dr. Jos\u00e9 Carlos Daher e Dr. Leonardo Daher","url":"https:\/\/hospitaldaher.com.br\/plastica\/","logo":{"@type":"ImageObject","inLanguage":"pt-BR","@id":"https:\/\/hospitaldaher.com.br\/plastica\/#\/schema\/logo\/image\/","url":"https:\/\/hospitaldaher.com.br\/plastica\/wp-content\/uploads\/2022\/09\/Logo_Jose_Carlos_Daher_em_Brasilia_Black.svg","contentUrl":"https:\/\/hospitaldaher.com.br\/plastica\/wp-content\/uploads\/2022\/09\/Logo_Jose_Carlos_Daher_em_Brasilia_Black.svg","width":"1030","height":"1030","caption":"Daher Pl\u00e1stica - Dr. Jos\u00e9 Carlos Daher e Dr. Leonardo Daher"},"image":{"@id":"https:\/\/hospitaldaher.com.br\/plastica\/#\/schema\/logo\/image\/"},"sameAs":["https:\/\/www.facebook.com\/daherplastica\/","https:\/\/www.instagram.com\/doutor_daher\/"]},{"@type":"Person","@id":"https:\/\/hospitaldaher.com.br\/plastica\/#\/schema\/person\/c5815cf777240b18b88be2b1e11beec5","name":"Rodrigo Souza","image":{"@type":"ImageObject","inLanguage":"pt-BR","@id":"https:\/\/hospitaldaher.com.br\/plastica\/#\/schema\/person\/image\/","url":"https:\/\/hospitaldaher.com.br\/plastica\/wp-content\/litespeed\/avatar\/8066cc10441b38f9f1b28973ebaf07e9.jpg?ver=1775653742","contentUrl":"https:\/\/hospitaldaher.com.br\/plastica\/wp-content\/litespeed\/avatar\/8066cc10441b38f9f1b28973ebaf07e9.jpg?ver=1775653742","caption":"Rodrigo Souza"}}]}},"_links":{"self":[{"href":"https:\/\/hospitaldaher.com.br\/plastica\/wp-json\/wp\/v2\/pages\/3807"}],"collection":[{"href":"https:\/\/hospitaldaher.com.br\/plastica\/wp-json\/wp\/v2\/pages"}],"about":[{"href":"https:\/\/hospitaldaher.com.br\/plastica\/wp-json\/wp\/v2\/types\/page"}],"author":[{"embeddable":true,"href":"https:\/\/hospitaldaher.com.br\/plastica\/wp-json\/wp\/v2\/users\/2"}],"replies":[{"embeddable":true,"href":"https:\/\/hospitaldaher.com.br\/plastica\/wp-json\/wp\/v2\/comments?post=3807"}],"version-history":[{"count":6,"href":"https:\/\/hospitaldaher.com.br\/plastica\/wp-json\/wp\/v2\/pages\/3807\/revisions"}],"predecessor-version":[{"id":7271,"href":"https:\/\/hospitaldaher.com.br\/plastica\/wp-json\/wp\/v2\/pages\/3807\/revisions\/7271"}],"up":[{"embeddable":true,"href":"https:\/\/hospitaldaher.com.br\/plastica\/wp-json\/wp\/v2\/pages\/7169"}],"wp:attachment":[{"href":"https:\/\/hospitaldaher.com.br\/plastica\/wp-json\/wp\/v2\/media?parent=3807"}],"curies":[{"name":"wp","href":"https:\/\/api.w.org\/{rel}","templated":true}]}}