{"id":7114,"date":"2022-09-15T12:35:26","date_gmt":"2022-09-15T15:35:26","guid":{"rendered":"https:\/\/hospitaldaher.com.br\/plastica\/?page_id=7114"},"modified":"2022-09-28T15:24:57","modified_gmt":"2022-09-28T18:24:57","slug":"dr-jose-carlos-daher","status":"publish","type":"page","link":"https:\/\/hospitaldaher.com.br\/plastica\/dr-jose-carlos-daher\/","title":{"rendered":"Conhe\u00e7a o Dr. Jos\u00e9 Carlos Daher"},"content":{"rendered":"<section class=\"l-section wpb_row height_small\"><div class=\"l-section-h i-cf\"><div class=\"g-cols vc_row via_grid cols_1 laptops-cols_inherit tablets-cols_inherit mobiles-cols_1 valign_top type_default stacking_default\"><div class=\"wpb_column vc_column_container\"><div class=\"vc_column-inner\"><div class=\"g-cols wpb_row via_grid cols_2 laptops-cols_inherit tablets-cols_inherit mobiles-cols_1 valign_middle type_default stacking_default\"><div class=\"wpb_column vc_column_container\"><div class=\"vc_column-inner\"><div class=\"w-image us_custom_04570ec2 align_center\"><div class=\"w-image-h\"><img loading=\"lazy\" decoding=\"async\" width=\"335\" height=\"280\" src=\"https:\/\/hospitaldaher.com.br\/plastica\/wp-content\/uploads\/2016\/11\/Screenshot_31.jpg\" class=\"attachment-large size-large\" alt=\"\" srcset=\"https:\/\/hospitaldaher.com.br\/plastica\/wp-content\/uploads\/2016\/11\/Screenshot_31.jpg 335w, https:\/\/hospitaldaher.com.br\/plastica\/wp-content\/uploads\/2016\/11\/Screenshot_31-300x251.jpg 300w, https:\/\/hospitaldaher.com.br\/plastica\/wp-content\/uploads\/2016\/11\/Screenshot_31-150x125.jpg 150w\" sizes=\"(max-width: 335px) 100vw, 335px\" \/><\/div><\/div><\/div><\/div><div class=\"wpb_column vc_column_container\"><div class=\"vc_column-inner\"><div class=\"wpb_text_column\"><div class=\"wpb_wrapper\"><p style=\"text-align: justify;\"><span style=\"font-weight: 400;\">O Dr. Jos\u00e9 Carlos Daher \u00e9 cirurgi\u00e3o pl\u00e1stico e fundador do Hospital Daher. Iniciou sua carreira na d\u00e9cada de 1970, quando se formou pela ent\u00e3o Faculdade de Medicina da Universidade do Brasil, atual Universidade Federal do Rio de Janeiro (UFRJ). Em seguida, especializou-se em Cirurgia Pl\u00e1stica com o professor Dr. Ivo Pitanguy, o qual se tornou assistente em 1972.<\/span><\/p>\n<\/div><\/div><\/div><\/div><\/div><div class=\"w-separator size_medium\"><\/div><div class=\"g-cols wpb_row via_grid cols_2 laptops-cols_inherit tablets-cols_inherit mobiles-cols_1 valign_middle type_default stacking_default\"><div class=\"wpb_column vc_column_container\"><div class=\"vc_column-inner\"><div class=\"wpb_text_column\"><div class=\"wpb_wrapper\"><p style=\"text-align: justify;\"><span style=\"font-weight: 400;\">Dedicado e apaixonado pela profiss\u00e3o, Dr. Jos\u00e9 Carlos Daher tornou-se uma das maiores refer\u00eancias em Cirurgia Pl\u00e1stica no Brasil e \u00e9 considerado pioneiro na especialidade em Bras\u00edlia. \u00c9 autor de v\u00e1rias t\u00e9cnicas originais publicadas no pa\u00eds e no exterior, como a Plug-Flap (retalhos em ilha).<\/span><\/p>\n<p style=\"text-align: justify;\"><span style=\"font-weight: 400;\">\u00c9 membro de diversas sociedades nacionais e internacionais de Cirurgia Pl\u00e1stica e Mastologia, sendo um dos pioneiros mundiais nas t\u00e9cnicas modernas de reconstru\u00e7\u00f5es mam\u00e1rias no p\u00f3s-tratamento de c\u00e2ncer de mama.<\/span><\/p>\n<\/div><\/div><\/div><\/div><div class=\"wpb_column vc_column_container\"><div class=\"vc_column-inner\"><div class=\"w-image us_custom_04570ec2 align_center\"><div class=\"w-image-h\"><img loading=\"lazy\" decoding=\"async\" width=\"610\" height=\"410\" src=\"https:\/\/hospitaldaher.com.br\/plastica\/wp-content\/uploads\/2022\/09\/Conheca_Dr_Jose_Carlos_Daher__Brasilia.webp\" class=\"attachment-large size-large\" alt=\"\" srcset=\"https:\/\/hospitaldaher.com.br\/plastica\/wp-content\/uploads\/2022\/09\/Conheca_Dr_Jose_Carlos_Daher__Brasilia.webp 610w, https:\/\/hospitaldaher.com.br\/plastica\/wp-content\/uploads\/2022\/09\/Conheca_Dr_Jose_Carlos_Daher__Brasilia-300x202.webp 300w, https:\/\/hospitaldaher.com.br\/plastica\/wp-content\/uploads\/2022\/09\/Conheca_Dr_Jose_Carlos_Daher__Brasilia-150x101.webp 150w\" sizes=\"(max-width: 610px) 100vw, 610px\" \/><\/div><\/div><\/div><\/div><\/div><\/div><\/div><\/div><\/div><\/section><section class=\"l-section wpb_row height_medium color_alternate\"><div class=\"l-section-h i-cf\"><div class=\"g-cols vc_row via_grid cols_1 laptops-cols_inherit tablets-cols_inherit mobiles-cols_1 valign_top type_default stacking_default\"><div class=\"wpb_column vc_column_container\"><div class=\"vc_column-inner\"><div class=\"w-separator size_medium\"><\/div><div class=\"g-cols wpb_row via_grid cols_2 laptops-cols_inherit tablets-cols_inherit mobiles-cols_1 valign_top type_default stacking_default\"><div class=\"wpb_column vc_column_container\"><div class=\"vc_column-inner\"><div class=\"wpb_text_column\"><div class=\"wpb_wrapper\"><h3 style=\"text-align: left;\"><b>Sociedades nacionais e internacionais<\/b><\/h3>\n<\/div><\/div><div class=\"w-separator size_small\"><\/div><div class=\"wpb_text_column\"><div class=\"wpb_wrapper\"><ul>\n<li style=\"font-weight: 400;\" aria-level=\"1\"><span style=\"font-weight: 400;\">Membro honor\u00e1rio do Col\u00e9gio Brasileiro de Cirurgi\u00f5es<\/span><\/li>\n<li style=\"font-weight: 400;\" aria-level=\"1\"><span style=\"font-weight: 400;\">Membro titular da Sociedade Brasileira de Cirurgia Pl\u00e1stica<\/span><\/li>\n<li style=\"font-weight: 400;\" aria-level=\"1\"><span style=\"font-weight: 400;\">Membro fundador da Sociedade Ibero Latino Americana de Mastologia<\/span><\/li>\n<li style=\"font-weight: 400;\" aria-level=\"1\"><span style=\"font-weight: 400;\">Membro da International Society of Plastic Reconstructive Aesthetic Surgery (IPRAS)<\/span><\/li>\n<li style=\"font-weight: 400;\" aria-level=\"1\"><span style=\"font-weight: 400;\">Membro da International Society of Aesthetic Surgery (ISAPS)<\/span><\/li>\n<li style=\"font-weight: 400;\" aria-level=\"1\"><span style=\"font-weight: 400;\">Membro da Sociedade Ibero Latino Americana de Cirurgia Pl\u00e1stica<\/span><\/li>\n<li style=\"font-weight: 400;\" aria-level=\"1\"><span style=\"font-weight: 400;\">Membro da Sociedade Brasileira de Mastologia<\/span><\/li>\n<li style=\"font-weight: 400;\" aria-level=\"1\"><span style=\"font-weight: 400;\">Membro honor\u00e1rio da Sociedade Francesa de Cirurgia Est\u00e9tica<\/span><b><\/b><\/li>\n<li style=\"font-weight: 400;\" aria-level=\"1\"><span style=\"font-weight: 400;\">Membro honor\u00e1rio da Sociedade Romena de Cirurgia Pl\u00e1stica<\/span><\/li>\n<li style=\"font-weight: 400;\" aria-level=\"1\"><span style=\"font-weight: 400;\">Agraciado com a medalha do M\u00e9rito Alvorada pelo Governador do Distrito Federal<\/span><\/li>\n<li style=\"font-weight: 400;\" aria-level=\"1\"><span style=\"font-weight: 400;\">Agraciado com o t\u00edtulo de Cidad\u00e3o Honor\u00e1rio de Bras\u00edlia, concedido pela da C\u00e2mara Legislativa do Distrito Federal<\/span><\/li>\n<li style=\"font-weight: 400;\" aria-level=\"1\"><span style=\"font-weight: 400;\">Agraciado com a Medalha do Pacificador, concedida pelo Ministro do Ex\u00e9rcito Brasileiro<\/span><\/li>\n<li style=\"font-weight: 400;\" aria-level=\"1\"><span style=\"font-weight: 400;\">Agraciado com a Medalha da Vit\u00f3ria, concedida pelo Ministro de Estado da Defesa<\/span><\/li>\n<li style=\"font-weight: 400;\" aria-level=\"1\"><span style=\"font-weight: 400;\">Presidente e Diretor de entidades como Sindicato Brasiliense de Hospitais, Federa\u00e7\u00e3o Nacional de Estabelecimentos de Sa\u00fade e Confedera\u00e7\u00e3o Nacional de Sa\u00fade<\/span><\/li>\n<li style=\"font-weight: 400;\" aria-level=\"1\"><span style=\"font-weight: 400;\">Chefe do servi\u00e7o de Cirurgia Pl\u00e1stica do Hospital Daher Lago Sul, desde sua funda\u00e7\u00e3o at\u00e9 a presente data<\/span><\/li>\n<\/ul>\n<\/div><\/div><div class=\"w-separator size_small\"><\/div><div class=\"wpb_text_column\"><div class=\"wpb_wrapper\"><p style=\"text-align: left;\"><b>Mais de 600 participa\u00e7\u00f5es e apresenta\u00e7\u00f5es em<br \/>\nCongressos Nacionais e Internacionais<\/b><\/p>\n<\/div><\/div><div class=\"w-separator size_medium\"><\/div><div class=\"w-image us_custom_04570ec2 align_center\"><div class=\"w-image-h\"><img loading=\"lazy\" decoding=\"async\" width=\"700\" height=\"100\" src=\"https:\/\/hospitaldaher.com.br\/plastica\/wp-content\/uploads\/2022\/09\/logos_certificacoes_jpg.jpg\" class=\"attachment-large size-large\" alt=\"\" srcset=\"https:\/\/hospitaldaher.com.br\/plastica\/wp-content\/uploads\/2022\/09\/logos_certificacoes_jpg.jpg 700w, https:\/\/hospitaldaher.com.br\/plastica\/wp-content\/uploads\/2022\/09\/logos_certificacoes_jpg-300x43.jpg 300w, https:\/\/hospitaldaher.com.br\/plastica\/wp-content\/uploads\/2022\/09\/logos_certificacoes_jpg-150x21.jpg 150w, https:\/\/hospitaldaher.com.br\/plastica\/wp-content\/uploads\/2022\/09\/logos_certificacoes_jpg-600x86.jpg 600w, https:\/\/hospitaldaher.com.br\/plastica\/wp-content\/uploads\/2022\/09\/logos_certificacoes_jpg-480x69.jpg 480w\" sizes=\"(max-width: 700px) 100vw, 700px\" \/><\/div><\/div><div class=\"w-separator size_medium\"><\/div><div class=\"w-btn-wrapper align_none\"><a class=\"w-btn us-btn-style_3 icon_atleft\" target=\"_blank\" href=\"http:\/\/lattes.cnpq.br\/1648484079576283\" rel=\"noopener\"><i class=\"fas fa-copy\"><\/i><span class=\"w-btn-label\">Acesse o curr\u00edculo Lattes<\/span><\/a><\/div><\/div><\/div><div class=\"wpb_column vc_column_container\"><div class=\"vc_column-inner\"><div class=\"w-image align_none\"><div class=\"w-image-h\"><img loading=\"lazy\" decoding=\"async\" width=\"500\" height=\"835\" src=\"https:\/\/hospitaldaher.com.br\/plastica\/wp-content\/uploads\/2022\/09\/Dr_Jose_Carlos_Daher_Sociedades_Brasilia.webp\" class=\"attachment-large size-large\" alt=\"\" srcset=\"https:\/\/hospitaldaher.com.br\/plastica\/wp-content\/uploads\/2022\/09\/Dr_Jose_Carlos_Daher_Sociedades_Brasilia.webp 500w, https:\/\/hospitaldaher.com.br\/plastica\/wp-content\/uploads\/2022\/09\/Dr_Jose_Carlos_Daher_Sociedades_Brasilia-180x300.webp 180w, https:\/\/hospitaldaher.com.br\/plastica\/wp-content\/uploads\/2022\/09\/Dr_Jose_Carlos_Daher_Sociedades_Brasilia-90x150.webp 90w\" sizes=\"(max-width: 500px) 100vw, 500px\" \/><\/div><\/div><\/div><\/div><\/div><\/div><\/div><\/div><\/div><\/section>\n","protected":false},"excerpt":{"rendered":"O Dr. Jos\u00e9 Carlos Daher \u00e9 cirurgi\u00e3o pl\u00e1stico e fundador do Hospital Daher. Iniciou sua carreira na d\u00e9cada de 1970, quando se formou pela ent\u00e3o Faculdade de Medicina da Universidade do Brasil, atual Universidade Federal do Rio de Janeiro (UFRJ). Em seguida, especializou-se em Cirurgia Pl\u00e1stica com o professor Dr. Ivo Pitanguy, o qual se...","protected":false},"author":1,"featured_media":0,"parent":0,"menu_order":0,"comment_status":"closed","ping_status":"closed","template":"","meta":{"footnotes":""},"yoast_head":"<!-- This site is optimized with the Yoast SEO plugin v21.6 - https:\/\/yoast.com\/wordpress\/plugins\/seo\/ -->\n<title>Conhe\u00e7a o Dr. Jos\u00e9 Carlos Daher | Dr. Jos\u00e9 Carlos Daher<\/title>\n<meta name=\"robots\" content=\"index, follow, max-snippet:-1, max-image-preview:large, max-video-preview:-1\" \/>\n<link rel=\"canonical\" href=\"https:\/\/hospitaldaher.com.br\/plastica\/dr-jose-carlos-daher\/\" \/>\n<meta property=\"og:locale\" content=\"pt_BR\" \/>\n<meta property=\"og:type\" content=\"article\" \/>\n<meta property=\"og:title\" content=\"Conhe\u00e7a o Dr. Jos\u00e9 Carlos Daher | Dr. Jos\u00e9 Carlos Daher\" \/>\n<meta property=\"og:url\" content=\"https:\/\/hospitaldaher.com.br\/plastica\/dr-jose-carlos-daher\/\" \/>\n<meta property=\"og:site_name\" content=\"Dr. Jos\u00e9 Carlos Daher\" \/>\n<meta property=\"article:publisher\" content=\"https:\/\/www.facebook.com\/daherplastica\/\" \/>\n<meta property=\"article:modified_time\" content=\"2022-09-28T18:24:57+00:00\" \/>\n<meta name=\"twitter:card\" content=\"summary_large_image\" \/>\n<meta name=\"twitter:label1\" content=\"Est. tempo de leitura\" \/>\n\t<meta name=\"twitter:data1\" content=\"2 minutos\" \/>\n<script type=\"application\/ld+json\" class=\"yoast-schema-graph\">{\"@context\":\"https:\/\/schema.org\",\"@graph\":[{\"@type\":\"NewsArticle\",\"@id\":\"https:\/\/hospitaldaher.com.br\/plastica\/dr-jose-carlos-daher\/#article\",\"isPartOf\":{\"@id\":\"https:\/\/hospitaldaher.com.br\/plastica\/dr-jose-carlos-daher\/\"},\"author\":{\"name\":\"dah_plastica\",\"@id\":\"https:\/\/hospitaldaher.com.br\/plastica\/#\/schema\/person\/990274ce18410601a15d815dac9cd1ce\"},\"headline\":\"Conhe\u00e7a o Dr. Jos\u00e9 Carlos Daher\",\"datePublished\":\"2022-09-15T15:35:26+00:00\",\"dateModified\":\"2022-09-28T18:24:57+00:00\",\"mainEntityOfPage\":{\"@id\":\"https:\/\/hospitaldaher.com.br\/plastica\/dr-jose-carlos-daher\/\"},\"wordCount\":586,\"publisher\":{\"@id\":\"https:\/\/hospitaldaher.com.br\/plastica\/#organization\"},\"inLanguage\":\"pt-BR\"},{\"@type\":[\"WebPage\",\"MedicalWebPage\"],\"@id\":\"https:\/\/hospitaldaher.com.br\/plastica\/dr-jose-carlos-daher\/\",\"url\":\"https:\/\/hospitaldaher.com.br\/plastica\/dr-jose-carlos-daher\/\",\"name\":\"Conhe\u00e7a o Dr. Jos\u00e9 Carlos Daher | Dr. Jos\u00e9 Carlos Daher\",\"isPartOf\":{\"@id\":\"https:\/\/hospitaldaher.com.br\/plastica\/#website\"},\"datePublished\":\"2022-09-15T15:35:26+00:00\",\"dateModified\":\"2022-09-28T18:24:57+00:00\",\"breadcrumb\":{\"@id\":\"https:\/\/hospitaldaher.com.br\/plastica\/dr-jose-carlos-daher\/#breadcrumb\"},\"inLanguage\":\"pt-BR\",\"potentialAction\":[{\"@type\":\"ReadAction\",\"target\":[\"https:\/\/hospitaldaher.com.br\/plastica\/dr-jose-carlos-daher\/\"]}]},{\"@type\":\"BreadcrumbList\",\"@id\":\"https:\/\/hospitaldaher.com.br\/plastica\/dr-jose-carlos-daher\/#breadcrumb\",\"itemListElement\":[{\"@type\":\"ListItem\",\"position\":1,\"name\":\"In\u00edcio\",\"item\":\"https:\/\/hospitaldaher.com.br\/plastica\/\"},{\"@type\":\"ListItem\",\"position\":2,\"name\":\"Conhe\u00e7a o Dr. Jos\u00e9 Carlos Daher\"}]},{\"@type\":\"WebSite\",\"@id\":\"https:\/\/hospitaldaher.com.br\/plastica\/#website\",\"url\":\"https:\/\/hospitaldaher.com.br\/plastica\/\",\"name\":\"Dr. Jos\u00e9 Carlos Daher\",\"description\":\"Cirurgia Pl\u00e1stica\",\"publisher\":{\"@id\":\"https:\/\/hospitaldaher.com.br\/plastica\/#organization\"},\"potentialAction\":[{\"@type\":\"SearchAction\",\"target\":{\"@type\":\"EntryPoint\",\"urlTemplate\":\"https:\/\/hospitaldaher.com.br\/plastica\/?s={search_term_string}\"},\"query-input\":\"required name=search_term_string\"}],\"inLanguage\":\"pt-BR\"},{\"@type\":\"Organization\",\"@id\":\"https:\/\/hospitaldaher.com.br\/plastica\/#organization\",\"name\":\"Daher Pl\u00e1stica - Dr. Jos\u00e9 Carlos Daher e Dr. Leonardo Daher\",\"url\":\"https:\/\/hospitaldaher.com.br\/plastica\/\",\"logo\":{\"@type\":\"ImageObject\",\"inLanguage\":\"pt-BR\",\"@id\":\"https:\/\/hospitaldaher.com.br\/plastica\/#\/schema\/logo\/image\/\",\"url\":\"https:\/\/hospitaldaher.com.br\/plastica\/wp-content\/uploads\/2022\/09\/Logo_Jose_Carlos_Daher_em_Brasilia_Black.svg\",\"contentUrl\":\"https:\/\/hospitaldaher.com.br\/plastica\/wp-content\/uploads\/2022\/09\/Logo_Jose_Carlos_Daher_em_Brasilia_Black.svg\",\"width\":\"1030\",\"height\":\"1030\",\"caption\":\"Daher Pl\u00e1stica - Dr. Jos\u00e9 Carlos Daher e Dr. Leonardo Daher\"},\"image\":{\"@id\":\"https:\/\/hospitaldaher.com.br\/plastica\/#\/schema\/logo\/image\/\"},\"sameAs\":[\"https:\/\/www.facebook.com\/daherplastica\/\",\"https:\/\/www.instagram.com\/doutor_daher\/\"]},{\"@type\":\"Person\",\"@id\":\"https:\/\/hospitaldaher.com.br\/plastica\/#\/schema\/person\/990274ce18410601a15d815dac9cd1ce\",\"name\":\"dah_plastica\",\"image\":{\"@type\":\"ImageObject\",\"inLanguage\":\"pt-BR\",\"@id\":\"https:\/\/hospitaldaher.com.br\/plastica\/#\/schema\/person\/image\/\",\"url\":\"https:\/\/hospitaldaher.com.br\/plastica\/wp-content\/litespeed\/avatar\/219b5c57043255d7a73fc02ab67a7860.jpg?ver=1775653742\",\"contentUrl\":\"https:\/\/hospitaldaher.com.br\/plastica\/wp-content\/litespeed\/avatar\/219b5c57043255d7a73fc02ab67a7860.jpg?ver=1775653742\",\"caption\":\"dah_plastica\"}}]}<\/script>\n<!-- \/ Yoast SEO plugin. -->","yoast_head_json":{"title":"Conhe\u00e7a o Dr. Jos\u00e9 Carlos Daher | Dr. Jos\u00e9 Carlos Daher","robots":{"index":"index","follow":"follow","max-snippet":"max-snippet:-1","max-image-preview":"max-image-preview:large","max-video-preview":"max-video-preview:-1"},"canonical":"https:\/\/hospitaldaher.com.br\/plastica\/dr-jose-carlos-daher\/","og_locale":"pt_BR","og_type":"article","og_title":"Conhe\u00e7a o Dr. Jos\u00e9 Carlos Daher | Dr. Jos\u00e9 Carlos Daher","og_url":"https:\/\/hospitaldaher.com.br\/plastica\/dr-jose-carlos-daher\/","og_site_name":"Dr. Jos\u00e9 Carlos Daher","article_publisher":"https:\/\/www.facebook.com\/daherplastica\/","article_modified_time":"2022-09-28T18:24:57+00:00","twitter_card":"summary_large_image","twitter_misc":{"Est. tempo de leitura":"2 minutos"},"schema":{"@context":"https:\/\/schema.org","@graph":[{"@type":"NewsArticle","@id":"https:\/\/hospitaldaher.com.br\/plastica\/dr-jose-carlos-daher\/#article","isPartOf":{"@id":"https:\/\/hospitaldaher.com.br\/plastica\/dr-jose-carlos-daher\/"},"author":{"name":"dah_plastica","@id":"https:\/\/hospitaldaher.com.br\/plastica\/#\/schema\/person\/990274ce18410601a15d815dac9cd1ce"},"headline":"Conhe\u00e7a o Dr. Jos\u00e9 Carlos Daher","datePublished":"2022-09-15T15:35:26+00:00","dateModified":"2022-09-28T18:24:57+00:00","mainEntityOfPage":{"@id":"https:\/\/hospitaldaher.com.br\/plastica\/dr-jose-carlos-daher\/"},"wordCount":586,"publisher":{"@id":"https:\/\/hospitaldaher.com.br\/plastica\/#organization"},"inLanguage":"pt-BR"},{"@type":["WebPage","MedicalWebPage"],"@id":"https:\/\/hospitaldaher.com.br\/plastica\/dr-jose-carlos-daher\/","url":"https:\/\/hospitaldaher.com.br\/plastica\/dr-jose-carlos-daher\/","name":"Conhe\u00e7a o Dr. Jos\u00e9 Carlos Daher | Dr. Jos\u00e9 Carlos Daher","isPartOf":{"@id":"https:\/\/hospitaldaher.com.br\/plastica\/#website"},"datePublished":"2022-09-15T15:35:26+00:00","dateModified":"2022-09-28T18:24:57+00:00","breadcrumb":{"@id":"https:\/\/hospitaldaher.com.br\/plastica\/dr-jose-carlos-daher\/#breadcrumb"},"inLanguage":"pt-BR","potentialAction":[{"@type":"ReadAction","target":["https:\/\/hospitaldaher.com.br\/plastica\/dr-jose-carlos-daher\/"]}]},{"@type":"BreadcrumbList","@id":"https:\/\/hospitaldaher.com.br\/plastica\/dr-jose-carlos-daher\/#breadcrumb","itemListElement":[{"@type":"ListItem","position":1,"name":"In\u00edcio","item":"https:\/\/hospitaldaher.com.br\/plastica\/"},{"@type":"ListItem","position":2,"name":"Conhe\u00e7a o Dr. Jos\u00e9 Carlos Daher"}]},{"@type":"WebSite","@id":"https:\/\/hospitaldaher.com.br\/plastica\/#website","url":"https:\/\/hospitaldaher.com.br\/plastica\/","name":"Dr. Jos\u00e9 Carlos Daher","description":"Cirurgia Pl\u00e1stica","publisher":{"@id":"https:\/\/hospitaldaher.com.br\/plastica\/#organization"},"potentialAction":[{"@type":"SearchAction","target":{"@type":"EntryPoint","urlTemplate":"https:\/\/hospitaldaher.com.br\/plastica\/?s={search_term_string}"},"query-input":"required name=search_term_string"}],"inLanguage":"pt-BR"},{"@type":"Organization","@id":"https:\/\/hospitaldaher.com.br\/plastica\/#organization","name":"Daher Pl\u00e1stica - Dr. Jos\u00e9 Carlos Daher e Dr. Leonardo Daher","url":"https:\/\/hospitaldaher.com.br\/plastica\/","logo":{"@type":"ImageObject","inLanguage":"pt-BR","@id":"https:\/\/hospitaldaher.com.br\/plastica\/#\/schema\/logo\/image\/","url":"https:\/\/hospitaldaher.com.br\/plastica\/wp-content\/uploads\/2022\/09\/Logo_Jose_Carlos_Daher_em_Brasilia_Black.svg","contentUrl":"https:\/\/hospitaldaher.com.br\/plastica\/wp-content\/uploads\/2022\/09\/Logo_Jose_Carlos_Daher_em_Brasilia_Black.svg","width":"1030","height":"1030","caption":"Daher Pl\u00e1stica - Dr. Jos\u00e9 Carlos Daher e Dr. Leonardo Daher"},"image":{"@id":"https:\/\/hospitaldaher.com.br\/plastica\/#\/schema\/logo\/image\/"},"sameAs":["https:\/\/www.facebook.com\/daherplastica\/","https:\/\/www.instagram.com\/doutor_daher\/"]},{"@type":"Person","@id":"https:\/\/hospitaldaher.com.br\/plastica\/#\/schema\/person\/990274ce18410601a15d815dac9cd1ce","name":"dah_plastica","image":{"@type":"ImageObject","inLanguage":"pt-BR","@id":"https:\/\/hospitaldaher.com.br\/plastica\/#\/schema\/person\/image\/","url":"https:\/\/hospitaldaher.com.br\/plastica\/wp-content\/litespeed\/avatar\/219b5c57043255d7a73fc02ab67a7860.jpg?ver=1775653742","contentUrl":"https:\/\/hospitaldaher.com.br\/plastica\/wp-content\/litespeed\/avatar\/219b5c57043255d7a73fc02ab67a7860.jpg?ver=1775653742","caption":"dah_plastica"}}]}},"_links":{"self":[{"href":"https:\/\/hospitaldaher.com.br\/plastica\/wp-json\/wp\/v2\/pages\/7114"}],"collection":[{"href":"https:\/\/hospitaldaher.com.br\/plastica\/wp-json\/wp\/v2\/pages"}],"about":[{"href":"https:\/\/hospitaldaher.com.br\/plastica\/wp-json\/wp\/v2\/types\/page"}],"author":[{"embeddable":true,"href":"https:\/\/hospitaldaher.com.br\/plastica\/wp-json\/wp\/v2\/users\/1"}],"replies":[{"embeddable":true,"href":"https:\/\/hospitaldaher.com.br\/plastica\/wp-json\/wp\/v2\/comments?post=7114"}],"version-history":[{"count":10,"href":"https:\/\/hospitaldaher.com.br\/plastica\/wp-json\/wp\/v2\/pages\/7114\/revisions"}],"predecessor-version":[{"id":7423,"href":"https:\/\/hospitaldaher.com.br\/plastica\/wp-json\/wp\/v2\/pages\/7114\/revisions\/7423"}],"wp:attachment":[{"href":"https:\/\/hospitaldaher.com.br\/plastica\/wp-json\/wp\/v2\/media?parent=7114"}],"curies":[{"name":"wp","href":"https:\/\/api.w.org\/{rel}","templated":true}]}}