{"id":7403,"date":"2022-09-26T12:12:17","date_gmt":"2022-09-26T15:12:17","guid":{"rendered":"https:\/\/hospitaldaher.com.br\/plastica\/?page_id=7403"},"modified":"2022-09-26T12:18:10","modified_gmt":"2022-09-26T15:18:10","slug":"politica-de-privacidade","status":"publish","type":"page","link":"https:\/\/hospitaldaher.com.br\/plastica\/politica-de-privacidade\/","title":{"rendered":"Pol\u00edtica de privacidade"},"content":{"rendered":"<section class=\"l-section wpb_row height_medium\"><div class=\"l-section-h i-cf\"><div class=\"g-cols vc_row via_grid cols_1 laptops-cols_inherit tablets-cols_inherit mobiles-cols_1 valign_top type_default stacking_default\"><div class=\"wpb_column vc_column_container\"><div class=\"vc_column-inner\"><div class=\"g-cols wpb_row via_grid cols_1 laptops-cols_inherit tablets-cols_inherit mobiles-cols_1 valign_top type_default stacking_default\"><div class=\"wpb_column vc_column_container\"><div class=\"vc_column-inner\"><div class=\"wpb_text_column\"><div class=\"wpb_wrapper\"><p><i><span style=\"font-weight: 400;\">Vers\u00e3o 1.0 atualizada em 26\/09\/2022<\/span><\/i><\/p>\n<p>&nbsp;<\/p>\n<p><b>1.Introdu\u00e7\u00e3o<\/b><\/p>\n<p><span style=\"font-weight: 400;\">O Daher Pl\u00e1stica<\/span> <span style=\"font-weight: 400;\">tem como valor a transpar\u00eancia no relacionamento com seus clientes sa\u00fade. Por isso, informamos que coletamos dados pessoais dos visitantes deste site para tornar a experi\u00eancia do usu\u00e1rio mais produtiva e agrad\u00e1vel.<\/span><\/p>\n<p><span style=\"font-weight: 400;\">Garantimos que todos os dados s\u00e3o coletados e tratados em concord\u00e2ncia com a Lei Geral de Prote\u00e7\u00e3o de Dados Pessoais, de 14 de agosto de 2018 (<\/span><a href=\"http:\/\/www.planalto.gov.br\/ccivil_03\/_ato2015-2018\/2018\/lei\/L13709.htm\"><span style=\"font-weight: 400;\">Lei N.\u00ba 13.709\/18<\/span><\/a><span style=\"font-weight: 400;\">).<\/span><\/p>\n<p><span style=\"font-weight: 400;\">Nesta pol\u00edtica de privacidade, explicamos como coletamos e protegemos essas informa\u00e7\u00f5es, bem como quais s\u00e3o os direitos do usu\u00e1rio sobre seus dados coletados ou informados.<\/span><\/p>\n<p><span style=\"font-weight: 400;\">Se a sua d\u00favida n\u00e3o for esclarecida nesta pol\u00edtica, entre em contato conosco pelo seguinte e-mail: <\/span><a href=\"mailto:atendimento@agenciarizzo.com.br\"><span style=\"font-weight: 400;\">atendimento@agenciarizzo.com.br<\/span><\/a><span style=\"font-weight: 400;\">.<\/span><\/p>\n<p><b>2.Dados pessoais<\/b><\/p>\n<p><span style=\"font-weight: 400;\">S\u00e3o considerados dados pessoais todas as informa\u00e7\u00f5es que permitem identificar o visitante, como nome, data de nascimento, e-mail, n\u00famero de telefone, n\u00famero de celular, localiza\u00e7\u00e3o etc. Esses dados podem ser coletados quando voc\u00ea navega neste site ou preenche os formul\u00e1rios contidos aqui.<\/span><\/p>\n<p><span style=\"font-weight: 400;\">N\u00f3s coletamos os dados para aprimorar nossos servi\u00e7os e estabelecer uma comunica\u00e7\u00e3o com o usu\u00e1rio. Caso voc\u00ea opte por n\u00e3o fornec\u00ea-los, poder\u00e1 ocorrer uma limita\u00e7\u00e3o no acesso do site.<\/span><\/p>\n<p>&nbsp;<\/p>\n<p><b>2.1. Informa\u00e7\u00f5es que coletamos automaticamente<\/b><\/p>\n<p><span style=\"font-weight: 400;\">Quando voc\u00ea acessa nosso site, recebemos automaticamente dados t\u00e9cnicos que nos ajudem a aprender sobre seu navegador e sistema operacional. S\u00e3o eles: endere\u00e7o IP (Internet Protocol), tipo e vers\u00e3o do navegador e sistema operacional utilizado para acesso.<\/span><\/p>\n<p><b>2.2. Informa\u00e7\u00f5es que o usu\u00e1rio nos fornece<\/b><\/p>\n<p><span style=\"font-weight: 400;\">Quando voc\u00ea preenche algum formul\u00e1rio deste site, coletamos os dados informados como nome, e-mail e telefone. O envio de e-mails marketing ser\u00e1 realizado apenas caso o usu\u00e1rio permita.<\/span><\/p>\n<p>&nbsp;<\/p>\n<p><b>3.Consentimento<\/b><\/p>\n<p><span style=\"font-weight: 400;\">Obtemos seu consentimento quando voc\u00ea aceita nossa pol\u00edtica de privacidade ao acessar o site ou preencher algum formul\u00e1rio. Ap\u00f3s a realiza\u00e7\u00e3o da a\u00e7\u00e3o, entendemos que voc\u00ea est\u00e1 de acordo com a coleta de dados da nossa empresa.<\/span><\/p>\n<p><span style=\"font-weight: 400;\">No entanto, o titular dos dados tem o direito de, a qualquer momento, acessar, corrigir, solicitar exclus\u00e3o, solicitar portabilidade, solicitar informa\u00e7\u00f5es de compartilhamento e revogar o consentimento sobre as informa\u00e7\u00f5es coletadas.<\/span><\/p>\n<p><span style=\"font-weight: 400;\">Para isso, voc\u00ea pode entrar em contato conosco pelo e-mail atendimento@agenciarizzo.com.br ou enviando-nos uma correspond\u00eancia para SHIS, QI 7, Conj. F, Lago Sul, Bras\u00edlia-DF, 71615-660.<\/span><\/p>\n<p>&nbsp;<\/p>\n<p><b>4.Seguran\u00e7a<\/b><\/p>\n<p><span style=\"font-weight: 400;\">Para proteger suas informa\u00e7\u00f5es pessoais, tomamos precau\u00e7\u00f5es e seguimos as melhores pr\u00e1ticas da \u00e1rea para nos certificar de que os dados n\u00e3o ser\u00e3o perdidos, usurpados, acessados, divulgados, alterados nem destru\u00eddos inadequadamente.<\/span><\/p>\n<p><span style=\"font-weight: 400;\">Em nenhuma hip\u00f3tese vendemos os dados que voc\u00ea nos fornece. Quando necess\u00e1rio, seus dados ser\u00e3o compartilhados com empresas que prestam servi\u00e7os para n\u00f3s, como ag\u00eancias de marketing. Mas podemos divulgar suas informa\u00e7\u00f5es pessoais caso sejamos obrigados por lei.<\/span><\/p>\n<p><span style=\"font-weight: 400;\">Os dados s\u00e3o mantidos enquanto forem \u00fateis para cumprir o prop\u00f3sito para o qual foram coletados. Eles estar\u00e3o em ambiente seguro e controlado e podem ser acessados somente por profissionais autorizados. Abaixo, confira os dados do controlador, a quem compete as decis\u00f5es sobre o tratamento das informa\u00e7\u00f5es:<\/span><\/p>\n<p><span style=\"font-weight: 400;\">Nome: Daher Pl\u00e1stica<\/span><\/p>\n<p><span style=\"font-weight: 400;\">Enrede\u00e7o: SHIS, QI 7, Conj. F, Lago Sul, Bras\u00edlia-DF, 71615-660<\/span><\/p>\n<p>&nbsp;<\/p>\n<p><b>5.Links de terceiros<\/b><\/p>\n<p><span style=\"font-weight: 400;\">Quando voc\u00ea clica em links, plugins e aplicativos em nosso site, est\u00e1 exposto a pol\u00edticas de privacidade de terceiros, \u00e0s quais n\u00e3o possu\u00edmos controle. Por isso, n\u00f3s o incentivamos a ler as declara\u00e7\u00f5es de privacidade deles.<\/span><\/p>\n<p>&nbsp;<\/p>\n<p><b>6.Altera\u00e7\u00f5es na pol\u00edtica de privacidade<\/b><\/p>\n<p><span style=\"font-weight: 400;\">Reservamos o direito de modificar esta pol\u00edtica de privacidade a qualquer momento. Dessa forma, pedimos que a revise com frequ\u00eancia. Caso autorize, podemos avis\u00e1-lo por e-mail sobre as altera\u00e7\u00f5es realizadas.<\/span><\/p>\n<p><span style=\"font-weight: 400;\">A data de atualiza\u00e7\u00e3o se encontrar\u00e1 sempre no cabe\u00e7alho desta pol\u00edtica. As vers\u00f5es anteriores podem ser acessadas no mesmo local ou solicitadas pelo e-mail atendimento@agenciarizzo.com.br. <\/span><\/p>\n<\/div><\/div><\/div><\/div><\/div><\/div><\/div><\/div><\/div><\/section>\n","protected":false},"excerpt":{"rendered":"Vers\u00e3o 1.0 atualizada em 26\/09\/2022 &nbsp; 1.Introdu\u00e7\u00e3o O Daher Pl\u00e1stica tem como valor a transpar\u00eancia no relacionamento com seus clientes sa\u00fade. Por isso, informamos que coletamos dados pessoais dos visitantes deste site para tornar a experi\u00eancia do usu\u00e1rio mais produtiva e agrad\u00e1vel. Garantimos que todos os dados s\u00e3o coletados e tratados em concord\u00e2ncia com a...","protected":false},"author":1,"featured_media":0,"parent":0,"menu_order":0,"comment_status":"closed","ping_status":"closed","template":"","meta":{"footnotes":""},"yoast_head":"<!-- This site is optimized with the Yoast SEO plugin v21.6 - https:\/\/yoast.com\/wordpress\/plugins\/seo\/ -->\n<title>Pol\u00edtica de privacidade - Dr. Jos\u00e9 Carlos Daher<\/title>\n<meta name=\"robots\" content=\"index, follow, max-snippet:-1, max-image-preview:large, max-video-preview:-1\" \/>\n<link rel=\"canonical\" href=\"https:\/\/hospitaldaher.com.br\/plastica\/politica-de-privacidade\/\" \/>\n<meta property=\"og:locale\" content=\"pt_BR\" \/>\n<meta property=\"og:type\" content=\"article\" \/>\n<meta property=\"og:title\" content=\"Pol\u00edtica de privacidade - Dr. Jos\u00e9 Carlos Daher\" \/>\n<meta property=\"og:url\" content=\"https:\/\/hospitaldaher.com.br\/plastica\/politica-de-privacidade\/\" \/>\n<meta property=\"og:site_name\" content=\"Dr. Jos\u00e9 Carlos Daher\" \/>\n<meta property=\"article:publisher\" content=\"https:\/\/www.facebook.com\/daherplastica\/\" \/>\n<meta property=\"article:modified_time\" content=\"2022-09-26T15:18:10+00:00\" \/>\n<meta name=\"twitter:card\" content=\"summary_large_image\" \/>\n<meta name=\"twitter:label1\" content=\"Est. tempo de leitura\" \/>\n\t<meta name=\"twitter:data1\" content=\"4 minutos\" \/>\n<script type=\"application\/ld+json\" class=\"yoast-schema-graph\">{\"@context\":\"https:\/\/schema.org\",\"@graph\":[{\"@type\":\"NewsArticle\",\"@id\":\"https:\/\/hospitaldaher.com.br\/plastica\/politica-de-privacidade\/#article\",\"isPartOf\":{\"@id\":\"https:\/\/hospitaldaher.com.br\/plastica\/politica-de-privacidade\/\"},\"author\":{\"name\":\"dah_plastica\",\"@id\":\"https:\/\/hospitaldaher.com.br\/plastica\/#\/schema\/person\/990274ce18410601a15d815dac9cd1ce\"},\"headline\":\"Pol\u00edtica de privacidade\",\"datePublished\":\"2022-09-26T15:12:17+00:00\",\"dateModified\":\"2022-09-26T15:18:10+00:00\",\"mainEntityOfPage\":{\"@id\":\"https:\/\/hospitaldaher.com.br\/plastica\/politica-de-privacidade\/\"},\"wordCount\":710,\"publisher\":{\"@id\":\"https:\/\/hospitaldaher.com.br\/plastica\/#organization\"},\"inLanguage\":\"pt-BR\"},{\"@type\":[\"WebPage\",\"MedicalWebPage\"],\"@id\":\"https:\/\/hospitaldaher.com.br\/plastica\/politica-de-privacidade\/\",\"url\":\"https:\/\/hospitaldaher.com.br\/plastica\/politica-de-privacidade\/\",\"name\":\"Pol\u00edtica de privacidade - Dr. Jos\u00e9 Carlos Daher\",\"isPartOf\":{\"@id\":\"https:\/\/hospitaldaher.com.br\/plastica\/#website\"},\"datePublished\":\"2022-09-26T15:12:17+00:00\",\"dateModified\":\"2022-09-26T15:18:10+00:00\",\"breadcrumb\":{\"@id\":\"https:\/\/hospitaldaher.com.br\/plastica\/politica-de-privacidade\/#breadcrumb\"},\"inLanguage\":\"pt-BR\",\"potentialAction\":[{\"@type\":\"ReadAction\",\"target\":[\"https:\/\/hospitaldaher.com.br\/plastica\/politica-de-privacidade\/\"]}]},{\"@type\":\"BreadcrumbList\",\"@id\":\"https:\/\/hospitaldaher.com.br\/plastica\/politica-de-privacidade\/#breadcrumb\",\"itemListElement\":[{\"@type\":\"ListItem\",\"position\":1,\"name\":\"In\u00edcio\",\"item\":\"https:\/\/hospitaldaher.com.br\/plastica\/\"},{\"@type\":\"ListItem\",\"position\":2,\"name\":\"Pol\u00edtica de privacidade\"}]},{\"@type\":\"WebSite\",\"@id\":\"https:\/\/hospitaldaher.com.br\/plastica\/#website\",\"url\":\"https:\/\/hospitaldaher.com.br\/plastica\/\",\"name\":\"Dr. Jos\u00e9 Carlos Daher\",\"description\":\"Cirurgia Pl\u00e1stica\",\"publisher\":{\"@id\":\"https:\/\/hospitaldaher.com.br\/plastica\/#organization\"},\"potentialAction\":[{\"@type\":\"SearchAction\",\"target\":{\"@type\":\"EntryPoint\",\"urlTemplate\":\"https:\/\/hospitaldaher.com.br\/plastica\/?s={search_term_string}\"},\"query-input\":\"required name=search_term_string\"}],\"inLanguage\":\"pt-BR\"},{\"@type\":\"Organization\",\"@id\":\"https:\/\/hospitaldaher.com.br\/plastica\/#organization\",\"name\":\"Daher Pl\u00e1stica - Dr. Jos\u00e9 Carlos Daher e Dr. Leonardo Daher\",\"url\":\"https:\/\/hospitaldaher.com.br\/plastica\/\",\"logo\":{\"@type\":\"ImageObject\",\"inLanguage\":\"pt-BR\",\"@id\":\"https:\/\/hospitaldaher.com.br\/plastica\/#\/schema\/logo\/image\/\",\"url\":\"https:\/\/hospitaldaher.com.br\/plastica\/wp-content\/uploads\/2022\/09\/Logo_Jose_Carlos_Daher_em_Brasilia_Black.svg\",\"contentUrl\":\"https:\/\/hospitaldaher.com.br\/plastica\/wp-content\/uploads\/2022\/09\/Logo_Jose_Carlos_Daher_em_Brasilia_Black.svg\",\"width\":\"1030\",\"height\":\"1030\",\"caption\":\"Daher Pl\u00e1stica - Dr. Jos\u00e9 Carlos Daher e Dr. Leonardo Daher\"},\"image\":{\"@id\":\"https:\/\/hospitaldaher.com.br\/plastica\/#\/schema\/logo\/image\/\"},\"sameAs\":[\"https:\/\/www.facebook.com\/daherplastica\/\",\"https:\/\/www.instagram.com\/doutor_daher\/\"]},{\"@type\":\"Person\",\"@id\":\"https:\/\/hospitaldaher.com.br\/plastica\/#\/schema\/person\/990274ce18410601a15d815dac9cd1ce\",\"name\":\"dah_plastica\",\"image\":{\"@type\":\"ImageObject\",\"inLanguage\":\"pt-BR\",\"@id\":\"https:\/\/hospitaldaher.com.br\/plastica\/#\/schema\/person\/image\/\",\"url\":\"https:\/\/hospitaldaher.com.br\/plastica\/wp-content\/litespeed\/avatar\/219b5c57043255d7a73fc02ab67a7860.jpg?ver=1775653742\",\"contentUrl\":\"https:\/\/hospitaldaher.com.br\/plastica\/wp-content\/litespeed\/avatar\/219b5c57043255d7a73fc02ab67a7860.jpg?ver=1775653742\",\"caption\":\"dah_plastica\"}}]}<\/script>\n<!-- \/ Yoast SEO plugin. -->","yoast_head_json":{"title":"Pol\u00edtica de privacidade - Dr. Jos\u00e9 Carlos Daher","robots":{"index":"index","follow":"follow","max-snippet":"max-snippet:-1","max-image-preview":"max-image-preview:large","max-video-preview":"max-video-preview:-1"},"canonical":"https:\/\/hospitaldaher.com.br\/plastica\/politica-de-privacidade\/","og_locale":"pt_BR","og_type":"article","og_title":"Pol\u00edtica de privacidade - Dr. Jos\u00e9 Carlos Daher","og_url":"https:\/\/hospitaldaher.com.br\/plastica\/politica-de-privacidade\/","og_site_name":"Dr. Jos\u00e9 Carlos Daher","article_publisher":"https:\/\/www.facebook.com\/daherplastica\/","article_modified_time":"2022-09-26T15:18:10+00:00","twitter_card":"summary_large_image","twitter_misc":{"Est. tempo de leitura":"4 minutos"},"schema":{"@context":"https:\/\/schema.org","@graph":[{"@type":"NewsArticle","@id":"https:\/\/hospitaldaher.com.br\/plastica\/politica-de-privacidade\/#article","isPartOf":{"@id":"https:\/\/hospitaldaher.com.br\/plastica\/politica-de-privacidade\/"},"author":{"name":"dah_plastica","@id":"https:\/\/hospitaldaher.com.br\/plastica\/#\/schema\/person\/990274ce18410601a15d815dac9cd1ce"},"headline":"Pol\u00edtica de privacidade","datePublished":"2022-09-26T15:12:17+00:00","dateModified":"2022-09-26T15:18:10+00:00","mainEntityOfPage":{"@id":"https:\/\/hospitaldaher.com.br\/plastica\/politica-de-privacidade\/"},"wordCount":710,"publisher":{"@id":"https:\/\/hospitaldaher.com.br\/plastica\/#organization"},"inLanguage":"pt-BR"},{"@type":["WebPage","MedicalWebPage"],"@id":"https:\/\/hospitaldaher.com.br\/plastica\/politica-de-privacidade\/","url":"https:\/\/hospitaldaher.com.br\/plastica\/politica-de-privacidade\/","name":"Pol\u00edtica de privacidade - Dr. Jos\u00e9 Carlos Daher","isPartOf":{"@id":"https:\/\/hospitaldaher.com.br\/plastica\/#website"},"datePublished":"2022-09-26T15:12:17+00:00","dateModified":"2022-09-26T15:18:10+00:00","breadcrumb":{"@id":"https:\/\/hospitaldaher.com.br\/plastica\/politica-de-privacidade\/#breadcrumb"},"inLanguage":"pt-BR","potentialAction":[{"@type":"ReadAction","target":["https:\/\/hospitaldaher.com.br\/plastica\/politica-de-privacidade\/"]}]},{"@type":"BreadcrumbList","@id":"https:\/\/hospitaldaher.com.br\/plastica\/politica-de-privacidade\/#breadcrumb","itemListElement":[{"@type":"ListItem","position":1,"name":"In\u00edcio","item":"https:\/\/hospitaldaher.com.br\/plastica\/"},{"@type":"ListItem","position":2,"name":"Pol\u00edtica de privacidade"}]},{"@type":"WebSite","@id":"https:\/\/hospitaldaher.com.br\/plastica\/#website","url":"https:\/\/hospitaldaher.com.br\/plastica\/","name":"Dr. Jos\u00e9 Carlos Daher","description":"Cirurgia Pl\u00e1stica","publisher":{"@id":"https:\/\/hospitaldaher.com.br\/plastica\/#organization"},"potentialAction":[{"@type":"SearchAction","target":{"@type":"EntryPoint","urlTemplate":"https:\/\/hospitaldaher.com.br\/plastica\/?s={search_term_string}"},"query-input":"required name=search_term_string"}],"inLanguage":"pt-BR"},{"@type":"Organization","@id":"https:\/\/hospitaldaher.com.br\/plastica\/#organization","name":"Daher Pl\u00e1stica - Dr. Jos\u00e9 Carlos Daher e Dr. Leonardo Daher","url":"https:\/\/hospitaldaher.com.br\/plastica\/","logo":{"@type":"ImageObject","inLanguage":"pt-BR","@id":"https:\/\/hospitaldaher.com.br\/plastica\/#\/schema\/logo\/image\/","url":"https:\/\/hospitaldaher.com.br\/plastica\/wp-content\/uploads\/2022\/09\/Logo_Jose_Carlos_Daher_em_Brasilia_Black.svg","contentUrl":"https:\/\/hospitaldaher.com.br\/plastica\/wp-content\/uploads\/2022\/09\/Logo_Jose_Carlos_Daher_em_Brasilia_Black.svg","width":"1030","height":"1030","caption":"Daher Pl\u00e1stica - Dr. Jos\u00e9 Carlos Daher e Dr. Leonardo Daher"},"image":{"@id":"https:\/\/hospitaldaher.com.br\/plastica\/#\/schema\/logo\/image\/"},"sameAs":["https:\/\/www.facebook.com\/daherplastica\/","https:\/\/www.instagram.com\/doutor_daher\/"]},{"@type":"Person","@id":"https:\/\/hospitaldaher.com.br\/plastica\/#\/schema\/person\/990274ce18410601a15d815dac9cd1ce","name":"dah_plastica","image":{"@type":"ImageObject","inLanguage":"pt-BR","@id":"https:\/\/hospitaldaher.com.br\/plastica\/#\/schema\/person\/image\/","url":"https:\/\/hospitaldaher.com.br\/plastica\/wp-content\/litespeed\/avatar\/219b5c57043255d7a73fc02ab67a7860.jpg?ver=1775653742","contentUrl":"https:\/\/hospitaldaher.com.br\/plastica\/wp-content\/litespeed\/avatar\/219b5c57043255d7a73fc02ab67a7860.jpg?ver=1775653742","caption":"dah_plastica"}}]}},"_links":{"self":[{"href":"https:\/\/hospitaldaher.com.br\/plastica\/wp-json\/wp\/v2\/pages\/7403"}],"collection":[{"href":"https:\/\/hospitaldaher.com.br\/plastica\/wp-json\/wp\/v2\/pages"}],"about":[{"href":"https:\/\/hospitaldaher.com.br\/plastica\/wp-json\/wp\/v2\/types\/page"}],"author":[{"embeddable":true,"href":"https:\/\/hospitaldaher.com.br\/plastica\/wp-json\/wp\/v2\/users\/1"}],"replies":[{"embeddable":true,"href":"https:\/\/hospitaldaher.com.br\/plastica\/wp-json\/wp\/v2\/comments?post=7403"}],"version-history":[{"count":4,"href":"https:\/\/hospitaldaher.com.br\/plastica\/wp-json\/wp\/v2\/pages\/7403\/revisions"}],"predecessor-version":[{"id":7407,"href":"https:\/\/hospitaldaher.com.br\/plastica\/wp-json\/wp\/v2\/pages\/7403\/revisions\/7407"}],"wp:attachment":[{"href":"https:\/\/hospitaldaher.com.br\/plastica\/wp-json\/wp\/v2\/media?parent=7403"}],"curies":[{"name":"wp","href":"https:\/\/api.w.org\/{rel}","templated":true}]}}